CRAN Package Check Results for Package tibble

Last updated on 2017-02-24 23:52:58.

Flavor Version Tinstall Tcheck Ttotal Status Flags
r-devel-linux-x86_64-debian-clang 1.2 8.65 25.38 34.02 NOTE
r-devel-linux-x86_64-debian-gcc 1.2 9.17 25.78 34.96 NOTE
r-devel-linux-x86_64-fedora-clang 1.2 66.84 NOTE --no-stop-on-test-error
r-devel-linux-x86_64-fedora-gcc 1.2 63.62 NOTE --no-stop-on-test-error
r-devel-macos-x86_64-clang 1.2 50.40 NOTE --no-stop-on-test-error
r-devel-windows-ix86+x86_64 1.2 63.00 72.00 135.00 OK
r-patched-linux-x86_64 1.2 7.80 20.45 28.25 OK
r-patched-solaris-sparc 1.2 291.10 WARN
r-patched-solaris-x86 1.2 60.40 WARN
r-release-linux-x86_64 1.2 8.02 20.29 28.31 OK
r-release-osx-x86_64-mavericks 1.2 OK
r-release-windows-ix86+x86_64 1.2 44.00 82.00 126.00 OK
r-oldrel-windows-ix86+x86_64 1.2 52.00 81.00 133.00 OK

Check Details

Version: 1.2
Check: compiled code
Result: NOTE
    File ‘tibble/libs/tibble.so’:
     Found no calls to: ‘R_registerRoutines’, ‘R_useDynamicSymbols’
    
    It is good practice to register native routines and to disable symbol
    search.
    
    See ‘Writing portable packages’ in the ‘Writing R Extensions’ manual.
Flavors: r-devel-linux-x86_64-debian-clang, r-devel-linux-x86_64-debian-gcc

Version: 1.2
Flags: --no-stop-on-test-error
Check: compiled code
Result: NOTE
    File ‘tibble/libs/tibble.so’:
     Found no calls to: ‘R_registerRoutines’, ‘R_useDynamicSymbols’
    
    It is good practice to register native routines and to disable symbol
    search.
    
    See ‘Writing portable packages’ in the ‘Writing R Extensions’ manual.
Flavors: r-devel-linux-x86_64-fedora-clang, r-devel-linux-x86_64-fedora-gcc, r-devel-macos-x86_64-clang

Version: 1.2
Check: package dependencies
Result: NOTE
    Package suggested but not available for checking: ‘microbenchmark’
Flavors: r-patched-solaris-sparc, r-patched-solaris-x86

Version: 1.2
Check: re-building of vignette outputs
Result: WARN
    Error in re-building vignettes:
     ...
    Warning in engine$weave(file, quiet = quiet, encoding = enc) :
     Pandoc (>= 1.12.3) and/or pandoc-citeproc not available. Falling back to R Markdown v1.
    Warning in engine$weave(file, quiet = quiet, encoding = enc) :
     Pandoc (>= 1.12.3) and/or pandoc-citeproc not available. Falling back to R Markdown v1.
    Quitting from lines 65-72 (tibble.Rmd)
    Error: processing vignette 'tibble.Rmd' failed with diagnostics:
    there is no package called 'microbenchmark'
    Execution halted
Flavors: r-patched-solaris-sparc, r-patched-solaris-x86