Last updated on 2017-02-24 23:52:59.
Flavor | Version | Tinstall | Tcheck | Ttotal | Status | Flags |
---|---|---|---|---|---|---|
r-devel-linux-x86_64-debian-clang | 0.10-1 | 1.92 | 63.50 | 65.42 | NOTE | |
r-devel-linux-x86_64-debian-gcc | 0.10-1 | 1.90 | 63.32 | 65.21 | NOTE | |
r-devel-linux-x86_64-fedora-clang | 0.10-1 | 124.35 | NOTE | --no-stop-on-test-error | ||
r-devel-linux-x86_64-fedora-gcc | 0.10-1 | 122.60 | NOTE | --no-stop-on-test-error | ||
r-devel-macos-x86_64-clang | 0.10-1 | 121.50 | NOTE | --no-stop-on-test-error | ||
r-devel-windows-ix86+x86_64 | 0.10-1 | 20.00 | 157.00 | 177.00 | OK | |
r-patched-linux-x86_64 | 0.10-1 | 1.73 | 60.33 | 62.06 | OK | |
r-patched-solaris-sparc | 0.10-1 | 740.90 | OK | |||
r-patched-solaris-x86 | 0.10-1 | 135.90 | OK | |||
r-release-linux-x86_64 | 0.10-1 | 1.68 | 59.59 | 61.27 | OK | |
r-release-osx-x86_64-mavericks | 0.10-1 | OK | ||||
r-release-windows-ix86+x86_64 | 0.10-1 | 11.00 | 143.00 | 154.00 | OK | |
r-oldrel-windows-ix86+x86_64 | 0.10-1 | 18.00 | 353.00 | 371.00 | OK |
Version: 0.10-1
Check: compiled code
Result: NOTE
File ‘tikzDevice/libs/tikzDevice.so’:
Found no calls to: ‘R_registerRoutines’, ‘R_useDynamicSymbols’
It is good practice to register native routines and to disable symbol
search.
See ‘Writing portable packages’ in the ‘Writing R Extensions’ manual.
Flavors: r-devel-linux-x86_64-debian-clang, r-devel-linux-x86_64-debian-gcc
Version: 0.10-1
Flags: --no-stop-on-test-error
Check: compiled code
Result: NOTE
File ‘tikzDevice/libs/tikzDevice.so’:
Found no calls to: ‘R_registerRoutines’, ‘R_useDynamicSymbols’
It is good practice to register native routines and to disable symbol
search.
See ‘Writing portable packages’ in the ‘Writing R Extensions’ manual.
Flavors: r-devel-linux-x86_64-fedora-clang, r-devel-linux-x86_64-fedora-gcc, r-devel-macos-x86_64-clang