Last updated on 2017-02-24 23:53:00.
Flavor | Version | Tinstall | Tcheck | Ttotal | Status | Flags |
---|---|---|---|---|---|---|
r-devel-linux-x86_64-debian-clang | 1.5 | 7.14 | 79.92 | 87.06 | NOTE | |
r-devel-linux-x86_64-debian-gcc | 1.5 | 7.47 | 78.76 | 86.23 | NOTE | |
r-devel-linux-x86_64-fedora-clang | 1.5 | 189.31 | NOTE | --no-stop-on-test-error | ||
r-devel-linux-x86_64-fedora-gcc | 1.5 | 191.60 | NOTE | --no-stop-on-test-error | ||
r-devel-macos-x86_64-clang | 1.5 | 143.30 | NOTE | --no-stop-on-test-error | ||
r-devel-windows-ix86+x86_64 | 1.5 | 41.00 | 187.00 | 228.00 | NOTE | |
r-patched-linux-x86_64 | 1.5 | 7.12 | 75.94 | 83.06 | NOTE | |
r-patched-solaris-sparc | 1.5 | 1050.30 | NOTE | |||
r-patched-solaris-x86 | 1.5 | 226.80 | NOTE | |||
r-release-linux-x86_64 | 1.5 | 7.00 | 74.90 | 81.90 | NOTE | |
r-release-osx-x86_64-mavericks | 1.5 | NOTE | ||||
r-release-windows-ix86+x86_64 | 1.5 | 28.00 | 181.00 | 209.00 | NOTE | |
r-oldrel-windows-ix86+x86_64 | 1.5 | 38.00 | 179.00 | 217.00 | NOTE |
Version: 1.5
Check: DESCRIPTION meta-information
Result: NOTE
Malformed Title field: should not end in a period.
Flavors: r-devel-linux-x86_64-debian-clang, r-devel-linux-x86_64-debian-gcc, r-devel-windows-ix86+x86_64, r-patched-linux-x86_64, r-patched-solaris-sparc, r-patched-solaris-x86, r-release-linux-x86_64, r-release-osx-x86_64-mavericks, r-release-windows-ix86+x86_64, r-oldrel-windows-ix86+x86_64
Version: 1.5
Check: R code for possible problems
Result: NOTE
ttScreening: no visible global function definition for ‘gaussian’
ttScreening: no visible global function definition for ‘glm.control’
ttScreening: no visible global function definition for ‘model.response’
ttScreening: no visible global function definition for ‘is.empty.model’
ttScreening: no visible global function definition for ‘model.matrix’
ttScreening: no visible global function definition for ‘na.omit’
ttScreening: no visible global function definition for ‘terms’
ttScreening: no visible global function definition for ‘capture.output’
ttScreening: no visible global function definition for ‘glm’
ttScreening: no visible binding for global variable ‘gaussian’
ttScreening: no visible global function definition for ‘pt’
ttScreening: no visible global function definition for ‘p.adjust’
Undefined global functions or variables:
capture.output gaussian glm glm.control is.empty.model model.matrix
model.response na.omit p.adjust pt terms
Consider adding
importFrom("stats", "gaussian", "glm", "glm.control", "is.empty.model",
"model.matrix", "model.response", "na.omit", "p.adjust",
"pt", "terms")
importFrom("utils", "capture.output")
to your NAMESPACE file.
Flavors: r-devel-linux-x86_64-debian-clang, r-devel-linux-x86_64-debian-gcc, r-devel-windows-ix86+x86_64, r-patched-linux-x86_64, r-patched-solaris-sparc, r-patched-solaris-x86, r-release-linux-x86_64, r-release-osx-x86_64-mavericks, r-release-windows-ix86+x86_64
Version: 1.5
Flags: --no-stop-on-test-error
Check: DESCRIPTION meta-information
Result: NOTE
Malformed Title field: should not end in a period.
Flavors: r-devel-linux-x86_64-fedora-clang, r-devel-linux-x86_64-fedora-gcc, r-devel-macos-x86_64-clang
Version: 1.5
Flags: --no-stop-on-test-error
Check: R code for possible problems
Result: NOTE
ttScreening: no visible global function definition for ‘gaussian’
ttScreening: no visible global function definition for ‘glm.control’
ttScreening: no visible global function definition for ‘model.response’
ttScreening: no visible global function definition for ‘is.empty.model’
ttScreening: no visible global function definition for ‘model.matrix’
ttScreening: no visible global function definition for ‘na.omit’
ttScreening: no visible global function definition for ‘terms’
ttScreening: no visible global function definition for ‘capture.output’
ttScreening: no visible global function definition for ‘glm’
ttScreening: no visible binding for global variable ‘gaussian’
ttScreening: no visible global function definition for ‘pt’
ttScreening: no visible global function definition for ‘p.adjust’
Undefined global functions or variables:
capture.output gaussian glm glm.control is.empty.model model.matrix
model.response na.omit p.adjust pt terms
Consider adding
importFrom("stats", "gaussian", "glm", "glm.control", "is.empty.model",
"model.matrix", "model.response", "na.omit", "p.adjust",
"pt", "terms")
importFrom("utils", "capture.output")
to your NAMESPACE file.
Flavors: r-devel-linux-x86_64-fedora-clang, r-devel-linux-x86_64-fedora-gcc, r-devel-macos-x86_64-clang