Last updated on 2017-02-24 23:53:00.
Flavor | Version | Tinstall | Tcheck | Ttotal | Status | Flags |
---|---|---|---|---|---|---|
r-devel-linux-x86_64-debian-clang | 1.7-2 | 2.97 | 44.94 | 47.91 | NOTE | |
r-devel-linux-x86_64-debian-gcc | 1.7-2 | 3.03 | 43.88 | 46.91 | NOTE | |
r-devel-linux-x86_64-fedora-clang | 1.7-2 | 92.75 | NOTE | --no-stop-on-test-error | ||
r-devel-linux-x86_64-fedora-gcc | 1.7-2 | 91.12 | NOTE | --no-stop-on-test-error | ||
r-devel-macos-x86_64-clang | 1.7-2 | 70.25 | NOTE | --no-stop-on-test-error | ||
r-devel-windows-ix86+x86_64 | 1.7-2 | 15.00 | 114.00 | 129.00 | NOTE | |
r-patched-linux-x86_64 | 1.7-2 | 3.02 | 42.95 | 45.97 | NOTE | |
r-patched-solaris-sparc | 1.7-2 | 530.50 | NOTE | |||
r-patched-solaris-x86 | 1.7-2 | 104.20 | NOTE | |||
r-release-linux-x86_64 | 1.7-2 | 3.01 | 42.49 | 45.50 | NOTE | |
r-release-osx-x86_64-mavericks | 1.7-2 | NOTE | ||||
r-release-windows-ix86+x86_64 | 1.7-2 | 11.00 | 137.00 | 148.00 | NOTE | |
r-oldrel-windows-ix86+x86_64 | 1.7-2 | 17.00 | 173.00 | 190.00 | OK |
Version: 1.7-2
Check: S3 generic/method consistency
Result: NOTE
Found the following apparent S3 methods exported but not registered:
+.census +.count plot.census plot.count plot.preston print.preston
print.summary.count summary.census summary.count
See section ‘Registering S3 methods’ in the ‘Writing R Extensions’
manual.
Flavors: r-devel-linux-x86_64-debian-clang, r-devel-linux-x86_64-debian-gcc, r-patched-linux-x86_64, r-patched-solaris-sparc, r-patched-solaris-x86, r-release-linux-x86_64
Version: 1.7-2
Check: R code for possible problems
Result: NOTE
alonso.eqn12: no visible global function definition for ‘integrate’
display.untb: no visible global function definition for ‘rgb’
display.untb: no visible global function definition for ‘runif’
display.untb: no visible global function definition for ‘plot’
display.untb: no visible global function definition for ‘points’
fisher.ecosystem: no visible global function definition for ‘rpois’
fishers.alpha: no visible global function definition for ‘uniroot’
logkda.polyn: no visible global function definition for ‘coef’
optimal.params: no visible global function definition for ‘optim’
optimal.params.gst: no visible global function definition for
‘quantile’
optimal.params.sloss: no visible global function definition for
‘optimize’
optimal.params.sloss: no visible global function definition for
‘quantile’
optimal.theta: no visible global function definition for ‘optimize’
optimal.theta: no visible global function definition for ‘uniroot’
plot.census: no visible global function definition for ‘plot.default’
plot.census: no visible global function definition for ‘points’
plot.count: no visible global function definition for ‘plot.default’
plot.count: no visible global function definition for ‘points’
plot.preston: no visible global function definition for ‘barplot’
preston: no visible global function definition for ‘hist’
rand.neutral: no visible global function definition for ‘runif’
select.immigrate: no visible global function definition for ‘runif’
select.mutate: no visible global function definition for ‘runif’
vallade.eqn17: no visible global function definition for ‘integrate’
volkov : f: no visible global function definition for ‘integrate’
Undefined global functions or variables:
barplot coef hist integrate optim optimize plot plot.default points
quantile rgb rpois runif uniroot
Consider adding
importFrom("grDevices", "rgb")
importFrom("graphics", "barplot", "hist", "plot", "plot.default",
"points")
importFrom("stats", "coef", "integrate", "optim", "optimize",
"quantile", "rpois", "runif", "uniroot")
to your NAMESPACE file.
Flavors: r-devel-linux-x86_64-debian-clang, r-devel-linux-x86_64-debian-gcc, r-devel-windows-ix86+x86_64, r-patched-linux-x86_64, r-patched-solaris-sparc, r-patched-solaris-x86, r-release-linux-x86_64, r-release-osx-x86_64-mavericks, r-release-windows-ix86+x86_64
Version: 1.7-2
Flags: --no-stop-on-test-error
Check: S3 generic/method consistency
Result: NOTE
Found the following apparent S3 methods exported but not registered:
+.census +.count plot.census plot.count plot.preston print.preston
print.summary.count summary.census summary.count
See section ‘Registering S3 methods’ in the ‘Writing R Extensions’
manual.
Flavors: r-devel-linux-x86_64-fedora-clang, r-devel-linux-x86_64-fedora-gcc, r-devel-macos-x86_64-clang
Version: 1.7-2
Flags: --no-stop-on-test-error
Check: R code for possible problems
Result: NOTE
alonso.eqn12: no visible global function definition for ‘integrate’
display.untb: no visible global function definition for ‘rgb’
display.untb: no visible global function definition for ‘runif’
display.untb: no visible global function definition for ‘plot’
display.untb: no visible global function definition for ‘points’
fisher.ecosystem: no visible global function definition for ‘rpois’
fishers.alpha: no visible global function definition for ‘uniroot’
logkda.polyn: no visible global function definition for ‘coef’
optimal.params: no visible global function definition for ‘optim’
optimal.params.gst: no visible global function definition for
‘quantile’
optimal.params.sloss: no visible global function definition for
‘optimize’
optimal.params.sloss: no visible global function definition for
‘quantile’
optimal.theta: no visible global function definition for ‘optimize’
optimal.theta: no visible global function definition for ‘uniroot’
plot.census: no visible global function definition for ‘plot.default’
plot.census: no visible global function definition for ‘points’
plot.count: no visible global function definition for ‘plot.default’
plot.count: no visible global function definition for ‘points’
plot.preston: no visible global function definition for ‘barplot’
preston: no visible global function definition for ‘hist’
rand.neutral: no visible global function definition for ‘runif’
select.immigrate: no visible global function definition for ‘runif’
select.mutate: no visible global function definition for ‘runif’
vallade.eqn17: no visible global function definition for ‘integrate’
volkov : f: no visible global function definition for ‘integrate’
Undefined global functions or variables:
barplot coef hist integrate optim optimize plot plot.default points
quantile rgb rpois runif uniroot
Consider adding
importFrom("grDevices", "rgb")
importFrom("graphics", "barplot", "hist", "plot", "plot.default",
"points")
importFrom("stats", "coef", "integrate", "optim", "optimize",
"quantile", "rpois", "runif", "uniroot")
to your NAMESPACE file.
Flavors: r-devel-linux-x86_64-fedora-clang, r-devel-linux-x86_64-fedora-gcc, r-devel-macos-x86_64-clang