CRAN Package Check Results for Package unvotes

Last updated on 2017-02-24 23:53:00.

Flavor Version Tinstall Tcheck Ttotal Status Flags
r-devel-linux-x86_64-debian-clang 0.1.0 3.79 20.40 24.19 OK
r-devel-linux-x86_64-debian-gcc 0.1.0 3.67 19.85 23.52 OK
r-devel-linux-x86_64-fedora-clang 0.1.0 44.90 NOTE --no-stop-on-test-error
r-devel-linux-x86_64-fedora-gcc 0.1.0 43.72 NOTE --no-stop-on-test-error
r-devel-macos-x86_64-clang 0.1.0 38.06 NOTE --no-stop-on-test-error
r-devel-windows-ix86+x86_64 0.1.0 13.00 43.00 56.00 OK
r-patched-linux-x86_64 0.1.0 3.32 15.68 19.00 OK
r-patched-solaris-sparc 0.1.0 210.40 NOTE
r-patched-solaris-x86 0.1.0 49.40 NOTE
r-release-linux-x86_64 0.1.0 3.42 16.01 19.43 OK
r-release-osx-x86_64-mavericks 0.1.0 NOTE
r-release-windows-ix86+x86_64 0.1.0 9.00 40.00 49.00 OK
r-oldrel-windows-ix86+x86_64 0.1.0 14.00 75.00 89.00 NOTE

Check Details

Version: 0.1.0
Flags: --no-stop-on-test-error
Check: data for non-ASCII characters
Result: NOTE
     Note: found 10 marked UTF-8 strings
Flavors: r-devel-linux-x86_64-fedora-clang, r-devel-linux-x86_64-fedora-gcc, r-devel-macos-x86_64-clang

Version: 0.1.0
Check: data for non-ASCII characters
Result: NOTE
     Note: found 10 marked UTF-8 strings
Flavors: r-patched-solaris-sparc, r-patched-solaris-x86, r-release-osx-x86_64-mavericks, r-oldrel-windows-ix86+x86_64