Last updated on 2017-02-24 23:53:00.
Flavor | Version | Tinstall | Tcheck | Ttotal | Status | Flags |
---|---|---|---|---|---|---|
r-devel-linux-x86_64-debian-clang | 1.1.1 | 9.99 | 99.43 | 109.42 | NOTE | |
r-devel-linux-x86_64-debian-gcc | 1.1.1 | 9.47 | 97.27 | 106.74 | NOTE | |
r-devel-linux-x86_64-fedora-clang | 1.1.1 | 226.97 | NOTE | --no-stop-on-test-error | ||
r-devel-linux-x86_64-fedora-gcc | 1.1.1 | 229.26 | NOTE | --no-stop-on-test-error | ||
r-devel-macos-x86_64-clang | 1.1.1 | 171.20 | NOTE | --no-stop-on-test-error | ||
r-devel-windows-ix86+x86_64 | 1.1.1 | 47.00 | 272.00 | 319.00 | OK | |
r-patched-linux-x86_64 | 1.1.1 | 10.27 | 92.14 | 102.42 | OK | |
r-patched-solaris-sparc | 1.1.1 | 1204.80 | OK | |||
r-patched-solaris-x86 | 1.1.1 | 241.30 | OK | |||
r-release-linux-x86_64 | 1.1.1 | 8.37 | 90.22 | 98.59 | OK | |
r-release-osx-x86_64-mavericks | 1.1.1 | OK | ||||
r-release-windows-ix86+x86_64 | 1.1.1 | 43.00 | 231.00 | 274.00 | OK | |
r-oldrel-windows-ix86+x86_64 | 1.1.1 | 43.00 | 468.00 | 511.00 | OK |
Version: 1.1.1
Check: compiled code
Result: NOTE
File ‘valuer/libs/valuer.so’:
Found no calls to: ‘R_registerRoutines’, ‘R_useDynamicSymbols’
It is good practice to register native routines and to disable symbol
search.
See ‘Writing portable packages’ in the ‘Writing R Extensions’ manual.
Flavors: r-devel-linux-x86_64-debian-clang, r-devel-linux-x86_64-debian-gcc
Version: 1.1.1
Flags: --no-stop-on-test-error
Check: compiled code
Result: NOTE
File ‘valuer/libs/valuer.so’:
Found no calls to: ‘R_registerRoutines’, ‘R_useDynamicSymbols’
It is good practice to register native routines and to disable symbol
search.
See ‘Writing portable packages’ in the ‘Writing R Extensions’ manual.
Flavors: r-devel-linux-x86_64-fedora-clang, r-devel-linux-x86_64-fedora-gcc, r-devel-macos-x86_64-clang