CRAN Package Check Results for Package vdiffr

Last updated on 2017-02-24 23:53:00.

Flavor Version Tinstall Tcheck Ttotal Status Flags
r-devel-linux-x86_64-debian-clang 0.1.1 7.72 26.36 34.08 NOTE
r-devel-linux-x86_64-debian-gcc 0.1.1 7.15 24.30 31.45 NOTE
r-devel-linux-x86_64-fedora-clang 0.1.1 60.52 NOTE --no-stop-on-test-error
r-devel-linux-x86_64-fedora-gcc 0.1.1 59.47 NOTE --no-stop-on-test-error
r-devel-macos-x86_64-clang 0.1.1 47.92 NOTE --no-stop-on-test-error
r-devel-windows-ix86+x86_64 0.1.1 39.00 78.00 117.00 OK
r-patched-linux-x86_64 0.1.1 6.16 19.70 25.86 OK
r-patched-solaris-sparc 0.1.1 227.80 NOTE
r-patched-solaris-x86 0.1.1 50.30 NOTE
r-release-linux-x86_64 0.1.1 6.14 19.75 25.89 OK
r-release-osx-x86_64-mavericks 0.1.1 NOTE
r-release-windows-ix86+x86_64 0.1.1 36.00 63.00 99.00 OK
r-oldrel-windows-ix86+x86_64 0.1.1 33.00 169.00 202.00 NOTE

Check Details

Version: 0.1.1
Check: compiled code
Result: NOTE
    File ‘vdiffr/libs/vdiffr.so’:
     Found no calls to: ‘R_registerRoutines’, ‘R_useDynamicSymbols’
    
    It is good practice to register native routines and to disable symbol
    search.
    
    See ‘Writing portable packages’ in the ‘Writing R Extensions’ manual.
Flavors: r-devel-linux-x86_64-debian-clang, r-devel-linux-x86_64-debian-gcc

Version: 0.1.1
Flags: --no-stop-on-test-error
Check: dependencies in R code
Result: NOTE
    Namespace in Imports field not imported from: ‘Rcpp’
     All declared Imports should be used.
Flavors: r-devel-linux-x86_64-fedora-clang, r-devel-linux-x86_64-fedora-gcc, r-devel-macos-x86_64-clang

Version: 0.1.1
Flags: --no-stop-on-test-error
Check: compiled code
Result: NOTE
    File ‘vdiffr/libs/vdiffr.so’:
     Found no calls to: ‘R_registerRoutines’, ‘R_useDynamicSymbols’
    
    It is good practice to register native routines and to disable symbol
    search.
    
    See ‘Writing portable packages’ in the ‘Writing R Extensions’ manual.
Flavors: r-devel-linux-x86_64-fedora-clang, r-devel-linux-x86_64-fedora-gcc, r-devel-macos-x86_64-clang

Version: 0.1.1
Check: dependencies in R code
Result: NOTE
    Namespace in Imports field not imported from: ‘Rcpp’
     All declared Imports should be used.
Flavors: r-patched-solaris-sparc, r-patched-solaris-x86, r-release-osx-x86_64-mavericks, r-oldrel-windows-ix86+x86_64