CRAN Package Check Results for Package webreadr

Last updated on 2017-02-24 23:53:01.

Flavor Version Tinstall Tcheck Ttotal Status Flags
r-devel-linux-x86_64-debian-clang 0.4.0 8.14 18.46 26.60 NOTE
r-devel-linux-x86_64-debian-gcc 0.4.0 8.51 18.70 27.21 NOTE
r-devel-linux-x86_64-fedora-clang 0.4.0 50.15 NOTE --no-stop-on-test-error
r-devel-linux-x86_64-fedora-gcc 0.4.0 49.03 NOTE --no-stop-on-test-error
r-devel-macos-x86_64-clang 0.4.0 38.41 NOTE --no-stop-on-test-error
r-devel-windows-ix86+x86_64 0.4.0 62.00 85.00 147.00 OK
r-patched-linux-x86_64 0.4.0 7.51 14.97 22.48 OK
r-patched-solaris-sparc 0.4.0 235.50 NOTE
r-patched-solaris-x86 0.4.0 53.50 NOTE
r-release-linux-x86_64 0.4.0 7.21 15.05 22.26 OK
r-release-osx-x86_64-mavericks 0.4.0 OK
r-release-windows-ix86+x86_64 0.4.0 37.00 63.00 100.00 OK
r-oldrel-windows-ix86+x86_64 0.4.0 52.00 114.00 166.00 OK

Check Details

Version: 0.4.0
Check: compiled code
Result: NOTE
    File ‘webreadr/libs/webreadr.so’:
     Found no calls to: ‘R_registerRoutines’, ‘R_useDynamicSymbols’
    
    It is good practice to register native routines and to disable symbol
    search.
    
    See ‘Writing portable packages’ in the ‘Writing R Extensions’ manual.
Flavors: r-devel-linux-x86_64-debian-clang, r-devel-linux-x86_64-debian-gcc

Version: 0.4.0
Flags: --no-stop-on-test-error
Check: compiled code
Result: NOTE
    File ‘webreadr/libs/webreadr.so’:
     Found no calls to: ‘R_registerRoutines’, ‘R_useDynamicSymbols’
    
    It is good practice to register native routines and to disable symbol
    search.
    
    See ‘Writing portable packages’ in the ‘Writing R Extensions’ manual.
Flavors: r-devel-linux-x86_64-fedora-clang, r-devel-linux-x86_64-fedora-gcc, r-devel-macos-x86_64-clang

Version: 0.4.0
Check: package dependencies
Result: NOTE
    Package suggested but not available for checking: ‘iptools’
Flavors: r-patched-solaris-sparc, r-patched-solaris-x86