Last updated on 2017-02-24 23:53:01.
Flavor | Version | Tinstall | Tcheck | Ttotal | Status | Flags |
---|---|---|---|---|---|---|
r-devel-linux-x86_64-debian-clang | 0.4.0 | 0.84 | 14.42 | 15.25 | OK | |
r-devel-linux-x86_64-debian-gcc | 0.4.0 | 0.72 | 14.27 | 14.99 | OK | |
r-devel-linux-x86_64-fedora-clang | 0.4.0 | 24.06 | OK | --no-stop-on-test-error | ||
r-devel-linux-x86_64-fedora-gcc | 0.4.0 | 23.59 | OK | --no-stop-on-test-error | ||
r-devel-macos-x86_64-clang | 0.4.0 | 21.53 | OK | --no-stop-on-test-error | ||
r-devel-windows-ix86+x86_64 | 0.4.0 | 9.00 | 34.00 | 43.00 | OK | --no-vignettes |
r-patched-linux-x86_64 | 0.4.0 | 0.64 | 11.21 | 11.85 | OK | |
r-patched-solaris-sparc | 0.4.0 | 125.70 | WARN | |||
r-patched-solaris-x86 | 0.4.0 | 27.80 | OK | |||
r-release-linux-x86_64 | 0.4.0 | 0.70 | 11.25 | 11.94 | OK | |
r-release-osx-x86_64-mavericks | 0.4.0 | OK | ||||
r-release-windows-ix86+x86_64 | 0.4.0 | 5.00 | 61.00 | 66.00 | OK | --no-vignettes |
r-oldrel-windows-ix86+x86_64 | 0.4.0 | 10.00 | 53.00 | 63.00 | OK | --no-vignettes |
Version: 0.4.0
Check: re-building of vignette outputs
Result: WARN
Error in re-building vignettes:
...
Warning in engine$weave(file, quiet = quiet, encoding = enc) :
Pandoc (>= 1.12.3) and/or pandoc-citeproc not available. Falling back to R Markdown v1.
Quitting from lines 96-98 (intro.Rmd)
Error: processing vignette 'intro.Rmd' failed with diagnostics:
cannot open the connection
Execution halted
Flavor: r-patched-solaris-sparc