Last updated on 2017-02-24 23:53:01.
Flavor | Version | Tinstall | Tcheck | Ttotal | Status | Flags |
---|---|---|---|---|---|---|
r-devel-linux-x86_64-debian-clang | 0.3-2 | 0.71 | 11.11 | 11.82 | NOTE | |
r-devel-linux-x86_64-debian-gcc | 0.3-2 | 0.66 | 11.13 | 11.80 | NOTE | |
r-devel-linux-x86_64-fedora-clang | 0.3-2 | 18.69 | NOTE | --no-stop-on-test-error | ||
r-devel-linux-x86_64-fedora-gcc | 0.3-2 | 18.32 | NOTE | --no-stop-on-test-error | ||
r-devel-macos-x86_64-clang | 0.3-2 | 17.47 | NOTE | --no-stop-on-test-error | ||
r-devel-windows-ix86+x86_64 | 0.3-2 | 9.00 | 43.00 | 52.00 | NOTE | |
r-patched-linux-x86_64 | 0.3-2 | 0.60 | 9.03 | 9.63 | NOTE | |
r-patched-solaris-sparc | 0.3-2 | 103.30 | NOTE | |||
r-patched-solaris-x86 | 0.3-2 | 22.50 | NOTE | |||
r-release-linux-x86_64 | 0.3-2 | 0.56 | 9.29 | 9.85 | NOTE | |
r-release-osx-x86_64-mavericks | 0.3-2 | NOTE | ||||
r-release-windows-ix86+x86_64 | 0.3-2 | 4.00 | 31.00 | 35.00 | NOTE | |
r-oldrel-windows-ix86+x86_64 | 0.3-2 | 7.00 | 52.00 | 59.00 | NOTE |
Version: 0.3-2
Check: DESCRIPTION meta-information
Result: NOTE
Malformed Description field: should contain one or more complete sentences.
Flavors: r-devel-linux-x86_64-debian-clang, r-devel-linux-x86_64-debian-gcc, r-devel-windows-ix86+x86_64, r-patched-linux-x86_64, r-patched-solaris-sparc, r-patched-solaris-x86, r-release-linux-x86_64, r-release-osx-x86_64-mavericks, r-release-windows-ix86+x86_64, r-oldrel-windows-ix86+x86_64
Version: 0.3-2
Check: dependencies in R code
Result: NOTE
'library' or 'require' call to ‘markdown’ in package code.
Please use :: or requireNamespace() instead.
See section 'Suggested packages' in the 'Writing R Extensions' manual.
Flavors: r-devel-linux-x86_64-debian-clang, r-devel-linux-x86_64-debian-gcc, r-devel-windows-ix86+x86_64, r-patched-linux-x86_64, r-patched-solaris-sparc, r-patched-solaris-x86, r-release-linux-x86_64, r-release-osx-x86_64-mavericks, r-release-windows-ix86+x86_64, r-oldrel-windows-ix86+x86_64
Version: 0.3-2
Flags: --no-stop-on-test-error
Check: DESCRIPTION meta-information
Result: NOTE
Malformed Description field: should contain one or more complete sentences.
Flavors: r-devel-linux-x86_64-fedora-clang, r-devel-linux-x86_64-fedora-gcc, r-devel-macos-x86_64-clang
Version: 0.3-2
Flags: --no-stop-on-test-error
Check: dependencies in R code
Result: NOTE
'library' or 'require' call to ‘markdown’ in package code.
Please use :: or requireNamespace() instead.
See section 'Suggested packages' in the 'Writing R Extensions' manual.
Flavors: r-devel-linux-x86_64-fedora-clang, r-devel-linux-x86_64-fedora-gcc, r-devel-macos-x86_64-clang