CRAN Package Check Results for Package wskm

Last updated on 2017-02-24 23:53:01.

Flavor Version Tinstall Tcheck Ttotal Status Flags
r-devel-linux-x86_64-debian-clang 1.4.28 3.06 20.82 23.88 NOTE
r-devel-linux-x86_64-debian-gcc 1.4.28 3.00 16.84 19.83 NOTE
r-devel-linux-x86_64-fedora-clang 1.4.28 32.11 NOTE --no-stop-on-test-error
r-devel-linux-x86_64-fedora-gcc 1.4.28 32.68 NOTE --no-stop-on-test-error
r-devel-macos-x86_64-clang 1.4.28 29.41 NOTE --no-stop-on-test-error
r-devel-windows-ix86+x86_64 1.4.28 30.00 76.00 106.00 OK
r-patched-linux-x86_64 1.4.28 2.60 14.23 16.83 OK
r-patched-solaris-sparc 1.4.28 185.60 OK
r-patched-solaris-x86 1.4.28 40.30 OK
r-release-linux-x86_64 1.4.28 2.60 14.09 16.69 OK
r-release-osx-x86_64-mavericks 1.4.28 OK
r-release-windows-ix86+x86_64 1.4.28 20.00 63.00 83.00 OK
r-oldrel-windows-ix86+x86_64 1.4.28 29.00 100.00 129.00 OK

Check Details

Version: 1.4.28
Check: compiled code
Result: NOTE
    File ‘wskm/libs/wskm.so’:
     Found no calls to: ‘R_registerRoutines’, ‘R_useDynamicSymbols’
    
    It is good practice to register native routines and to disable symbol
    search.
    
    See ‘Writing portable packages’ in the ‘Writing R Extensions’ manual.
Flavors: r-devel-linux-x86_64-debian-clang, r-devel-linux-x86_64-debian-gcc

Version: 1.4.28
Flags: --no-stop-on-test-error
Check: compiled code
Result: NOTE
    File ‘wskm/libs/wskm.so’:
     Found no calls to: ‘R_registerRoutines’, ‘R_useDynamicSymbols’
    
    It is good practice to register native routines and to disable symbol
    search.
    
    See ‘Writing portable packages’ in the ‘Writing R Extensions’ manual.
Flavors: r-devel-linux-x86_64-fedora-clang, r-devel-linux-x86_64-fedora-gcc, r-devel-macos-x86_64-clang