Last updated on 2017-02-24 23:53:01.
Flavor | Version | Tinstall | Tcheck | Ttotal | Status | Flags |
---|---|---|---|---|---|---|
r-devel-linux-x86_64-debian-clang | 0.1 | 1.12 | 20.45 | 21.58 | NOTE | |
r-devel-linux-x86_64-debian-gcc | 0.1 | 1.21 | 18.21 | 19.42 | NOTE | |
r-devel-linux-x86_64-fedora-clang | 0.1 | 37.62 | NOTE | --no-stop-on-test-error | ||
r-devel-linux-x86_64-fedora-gcc | 0.1 | 39.95 | NOTE | --no-stop-on-test-error | ||
r-devel-macos-x86_64-clang | 0.1 | 30.72 | NOTE | --no-stop-on-test-error | ||
r-devel-windows-ix86+x86_64 | 0.1 | 6.00 | 37.00 | 43.00 | NOTE | |
r-patched-linux-x86_64 | 0.1 | 1.06 | 15.95 | 17.01 | NOTE | |
r-patched-solaris-sparc | 0.1 | 216.40 | NOTE | |||
r-patched-solaris-x86 | 0.1 | 43.60 | NOTE | |||
r-release-linux-x86_64 | 0.1 | 1.07 | 15.93 | 17.00 | NOTE | |
r-release-osx-x86_64-mavericks | 0.1 | NOTE | ||||
r-release-windows-ix86+x86_64 | 0.1 | 3.00 | 36.00 | 39.00 | NOTE | |
r-oldrel-windows-ix86+x86_64 | 0.1 | 3.00 | 52.00 | 55.00 | NOTE |
Version: 0.1
Check: dependencies in R code
Result: NOTE
Package in Depends field not imported from: ‘compiler’
These packages need to be imported from (in the NAMESPACE file)
for when this namespace is loaded but not attached.
Flavors: r-devel-linux-x86_64-debian-clang, r-devel-linux-x86_64-debian-gcc, r-devel-windows-ix86+x86_64, r-patched-linux-x86_64, r-patched-solaris-sparc, r-patched-solaris-x86, r-release-linux-x86_64, r-release-osx-x86_64-mavericks, r-release-windows-ix86+x86_64, r-oldrel-windows-ix86+x86_64
Version: 0.1
Check: R code for possible problems
Result: NOTE
bootstrapswapcurve: no visible global function definition for ‘ts’
fitted: no visible global function definition for ‘ts’
forwardrates: no visible global function definition for ‘ts’
residuals: no visible global function definition for ‘ts’
tZC_NS: no visible global function definition for ‘cmpfun’
tZC_NS_extra: no visible global function definition for ‘cmpfun’
tZC_SV: no visible global function definition for ‘cmpfun’
tZC_SV_extra: no visible global function definition for ‘cmpfun’
ycextra: no visible global function definition for ‘new’
ycinter: no visible global function definition for ‘new’
ycplot: no visible global function definition for ‘par’
ycplot: no visible global function definition for ‘points’
ycplot: no visible global function definition for ‘abline’
ycplot: no visible global function definition for ‘hist’
ycplot: no visible global function definition for ‘lines’
ycplot: no visible global function definition for ‘density’
ycplot: no visible global function definition for ‘qqnorm’
ycplot: no visible global function definition for ‘qqline’
ycsummary: no visible global function definition for ‘shapiro.test’
ycsummary: no visible global function definition for ‘pf’
Undefined global functions or variables:
abline cmpfun density hist lines new par pf points qqline qqnorm
shapiro.test ts
Consider adding
importFrom("graphics", "abline", "hist", "lines", "par", "points")
importFrom("methods", "new")
importFrom("stats", "density", "pf", "qqline", "qqnorm",
"shapiro.test", "ts")
to your NAMESPACE file (and ensure that your DESCRIPTION Imports field
contains 'methods').
Flavors: r-devel-linux-x86_64-debian-clang, r-devel-linux-x86_64-debian-gcc, r-devel-windows-ix86+x86_64, r-patched-linux-x86_64, r-patched-solaris-sparc, r-patched-solaris-x86, r-release-linux-x86_64, r-release-osx-x86_64-mavericks, r-release-windows-ix86+x86_64
Version: 0.1
Flags: --no-stop-on-test-error
Check: dependencies in R code
Result: NOTE
Package in Depends field not imported from: ‘compiler’
These packages need to be imported from (in the NAMESPACE file)
for when this namespace is loaded but not attached.
Flavors: r-devel-linux-x86_64-fedora-clang, r-devel-linux-x86_64-fedora-gcc, r-devel-macos-x86_64-clang
Version: 0.1
Flags: --no-stop-on-test-error
Check: R code for possible problems
Result: NOTE
bootstrapswapcurve: no visible global function definition for ‘ts’
fitted: no visible global function definition for ‘ts’
forwardrates: no visible global function definition for ‘ts’
residuals: no visible global function definition for ‘ts’
tZC_NS: no visible global function definition for ‘cmpfun’
tZC_NS_extra: no visible global function definition for ‘cmpfun’
tZC_SV: no visible global function definition for ‘cmpfun’
tZC_SV_extra: no visible global function definition for ‘cmpfun’
ycextra: no visible global function definition for ‘new’
ycinter: no visible global function definition for ‘new’
ycplot: no visible global function definition for ‘par’
ycplot: no visible global function definition for ‘points’
ycplot: no visible global function definition for ‘abline’
ycplot: no visible global function definition for ‘hist’
ycplot: no visible global function definition for ‘lines’
ycplot: no visible global function definition for ‘density’
ycplot: no visible global function definition for ‘qqnorm’
ycplot: no visible global function definition for ‘qqline’
ycsummary: no visible global function definition for ‘shapiro.test’
ycsummary: no visible global function definition for ‘pf’
Undefined global functions or variables:
abline cmpfun density hist lines new par pf points qqline qqnorm
shapiro.test ts
Consider adding
importFrom("graphics", "abline", "hist", "lines", "par", "points")
importFrom("methods", "new")
importFrom("stats", "density", "pf", "qqline", "qqnorm",
"shapiro.test", "ts")
to your NAMESPACE file (and ensure that your DESCRIPTION Imports field
contains 'methods').
Flavors: r-devel-linux-x86_64-fedora-clang, r-devel-linux-x86_64-fedora-gcc, r-devel-macos-x86_64-clang
Version: 0.1
Check: R code for possible problems
Result: NOTE
tZC_NS: no visible global function definition for 'cmpfun'
tZC_NS_extra: no visible global function definition for 'cmpfun'
tZC_SV: no visible global function definition for 'cmpfun'
tZC_SV_extra: no visible global function definition for 'cmpfun'
Flavor: r-oldrel-windows-ix86+x86_64