CRAN Package Check Results for Package AdaptFitOS

Last updated on 2017-07-26 01:56:04.

Flavor Version Tinstall Tcheck Ttotal Status Flags
r-devel-linux-x86_64-debian-clang 0.62 3.29 56.09 59.38 NOTE
r-devel-linux-x86_64-debian-gcc 0.62 3.25 53.92 57.17 NOTE
r-devel-linux-x86_64-fedora-clang 0.62 114.75 NOTE
r-devel-linux-x86_64-fedora-gcc 0.62 128.08 NOTE
r-devel-windows-ix86+x86_64 0.62 16.00 142.00 158.00 NOTE
r-patched-linux-x86_64 0.62 3.20 55.14 58.34 NOTE
r-patched-solaris-x86 0.62 148.30 NOTE
r-release-linux-x86_64 0.62 3.49 55.64 59.13 NOTE
r-release-windows-ix86+x86_64 0.62 12.00 138.00 150.00 NOTE
r-release-osx-x86_64 0.62 NOTE
r-oldrel-windows-ix86+x86_64 0.62 13.00 100.00 113.00 NOTE
r-oldrel-osx-x86_64 0.62 NOTE

Check Details

Version: 0.62
Check: R code for possible problems
Result: NOTE
    Predict.matrix.lme: no visible global function definition for
     ‘integrate’
    asp2: no visible global function definition for ‘as.formula’
    asp2: no visible global function definition for ‘var’
    aspHetero: no visible global function definition for ‘fitted’
    aspHetero: no visible global function definition for ‘var’
    aspOS: no visible global function definition for ‘as.formula’
    aspOS: no visible global function definition for ‘var’
    aspmFormReadOS: no visible global function definition for
     ‘model.matrix’
    aspmFormReadOS: no visible global function definition for ‘as.formula’
    aspmFormReadOS: no visible binding for global variable ‘contrasts’
    aspmOS: no visible global function definition for ‘as.formula’
    aspmOS: no visible binding for global variable ‘glm.fit’
    aspmOS: no visible global function definition for ‘binomial’
    aspmOS: no visible global function definition for ‘poisson’
    default.knots: no visible global function definition for ‘quantile’
    plot.asp: no visible global function definition for ‘grey’
    plot.scbTest: no visible global function definition for ‘grey’
    plot.scbTest: no visible global function definition for ‘par’
    plot.scbTest: no visible global function definition for ‘polygon’
    plot.scbTest: no visible global function definition for ‘lines’
    plot.scbTest: no visible global function definition for ‘abline’
    plot.scbm: no visible global function definition for ‘grey’
    plot.scbm: no visible global function definition for ‘par’
    plot.scbm: no visible global function definition for ‘dev.interactive’
    plot.scbm: no visible global function definition for ‘devAskNewPage’
    plot.scbm: no visible global function definition for ‘polygon’
    plot.scbm: no visible global function definition for ‘lines’
    plot.scbm: no visible global function definition for ‘points’
    plot.scbm: no visible global function definition for ‘abline’
    predict.asp: no visible global function definition for ‘model.matrix’
    predict.asp: no visible global function definition for ‘as.formula’
    smooth.construct.os.smooth.spec: no visible global function definition
     for ‘integrate’
    smooth.construct.tl.smooth.spec: no visible global function definition
     for ‘quantile’
    spmDesignOS: no visible global function definition for ‘dist’
    spmOS: no visible global function definition for ‘as.formula’
    spmOS: no visible global function definition for ‘lm’
    spmOS: no visible global function definition for ‘glm’
    spmOS: no visible global function definition for ‘binomial’
    spmOS: no visible global function definition for ‘poisson’
    summary.asp: no visible global function definition for ‘pt’
    Undefined global functions or variables:
     abline as.formula binomial contrasts dev.interactive devAskNewPage
     dist fitted glm glm.fit grey integrate lines lm model.matrix par
     points poisson polygon pt quantile var
    Consider adding
     importFrom("grDevices", "dev.interactive", "devAskNewPage", "grey")
     importFrom("graphics", "abline", "lines", "par", "points", "polygon")
     importFrom("stats", "as.formula", "binomial", "contrasts", "dist",
     "fitted", "glm", "glm.fit", "integrate", "lm",
     "model.matrix", "poisson", "pt", "quantile", "var")
    to your NAMESPACE file.
Flavors: r-devel-linux-x86_64-debian-clang, r-devel-linux-x86_64-debian-gcc, r-devel-linux-x86_64-fedora-clang, r-devel-linux-x86_64-fedora-gcc, r-devel-windows-ix86+x86_64, r-patched-linux-x86_64, r-patched-solaris-x86, r-release-linux-x86_64, r-release-windows-ix86+x86_64, r-release-osx-x86_64, r-oldrel-windows-ix86+x86_64, r-oldrel-osx-x86_64

Version: 0.62
Check: compiled code
Result: NOTE
    File ‘AdaptFitOS/libs/AdaptFitOS.so’:
     Found no calls to: ‘R_registerRoutines’, ‘R_useDynamicSymbols’
    
    It is good practice to register native routines and to disable symbol
    search.
    
    See ‘Writing portable packages’ in the ‘Writing R Extensions’ manual.
Flavors: r-devel-linux-x86_64-debian-clang, r-devel-linux-x86_64-debian-gcc, r-devel-linux-x86_64-fedora-clang, r-devel-linux-x86_64-fedora-gcc, r-patched-linux-x86_64, r-release-linux-x86_64