CRAN Package Check Results for Package BCEs0

Last updated on 2017-07-26 01:56:05.

Flavor Version Tinstall Tcheck Ttotal Status Flags
r-devel-linux-x86_64-debian-clang 1.1-1 0.59 19.37 19.96 OK
r-devel-linux-x86_64-debian-gcc 1.1-1 0.58 19.08 19.67 OK
r-devel-linux-x86_64-fedora-clang 1.1-1 25.53 OK
r-devel-linux-x86_64-fedora-gcc 1.1-1 26.29 OK
r-devel-windows-ix86+x86_64 1.1-1 4.00 29.00 33.00 OK
r-patched-linux-x86_64 1.1-1 0.60 18.99 19.59 OK
r-patched-solaris-x86 1.1-1 37.70 OK
r-release-linux-x86_64 1.1-1 0.63 19.19 19.81 OK
r-release-windows-ix86+x86_64 1.1-1 2.00 44.00 46.00 OK
r-release-osx-x86_64 1.1-1 ERROR
r-oldrel-windows-ix86+x86_64 1.1-1 2.00 49.00 51.00 OK
r-oldrel-osx-x86_64 1.1-1 ERROR

Check Details

Version: 1.1-1
Check: package dependencies
Result: NOTE
    Package suggested but not available for checking: ‘R2jags’
Flavors: r-release-osx-x86_64, r-oldrel-osx-x86_64

Version: 1.1-1
Check: examples
Result: ERROR
    Running examples in ‘BCEs0-Ex.R’ failed
    The error most likely occurred in:
    
    > ### Name: bces0
    > ### Title: Bayesian Cost-Effectiveness models in the presence of structural
    > ### zeros
    > ### Aliases: bces0 bces0.default
    > ### Keywords: JAGS Markov Chain Monte Carlo Bayesian models for
    > ### cost-effectiveness analysis
    >
    > ### ** Examples
    >
    > data(acupuncture)
    > m <- bces0(data,dist.c="gamma",dist.e="beta",n.iter=1000,n.burnin=500,n.chains=2)
    Installing package into ‘/Volumes/XT3/Builds/R-dev-web/QA/Simon/packages/el-capitan-x86_64/results/3.4/BCEs0.Rcheck’
    (as ‘lib’ is unspecified)
    Error in contrib.url(repos, "source") :
     trying to use CRAN without setting a mirror
    Calls: bces0 -> bces0.default -> install.packages -> contrib.url
    Execution halted
Flavor: r-release-osx-x86_64

Version: 1.1-1
Check: examples
Result: ERROR
    Running examples in ‘BCEs0-Ex.R’ failed
    The error most likely occurred in:
    
    > ### Name: bces0
    > ### Title: Bayesian Cost-Effectiveness models in the presence of structural
    > ### zeros
    > ### Aliases: bces0 bces0.default
    > ### Keywords: JAGS Markov Chain Monte Carlo Bayesian models for
    > ### cost-effectiveness analysis
    >
    > ### ** Examples
    >
    > data(acupuncture)
    > m <- bces0(data,dist.c="gamma",dist.e="beta",n.iter=1000,n.burnin=500,n.chains=2)
    Installing package into ‘/Builds/CRAN-QA-Simon/packages/mavericks-x86_64/results/3.3/BCEs0.Rcheck’
    (as ‘lib’ is unspecified)
    Error in contrib.url(repos, "source") :
     trying to use CRAN without setting a mirror
    Calls: bces0 -> bces0.default -> install.packages -> contrib.url
    Execution halted
Flavor: r-oldrel-osx-x86_64