Last updated on 2017-07-26 01:56:06.
Flavor | Version | Tinstall | Tcheck | Ttotal | Status | Flags |
---|---|---|---|---|---|---|
r-devel-linux-x86_64-debian-clang | 0.1.2 | 28.35 | 24.10 | 52.44 | OK | |
r-devel-linux-x86_64-debian-gcc | 0.1.2 | 31.01 | 23.74 | 54.75 | OK | |
r-devel-linux-x86_64-fedora-clang | 0.1.2 | 100.37 | OK | |||
r-devel-linux-x86_64-fedora-gcc | 0.1.2 | 105.96 | OK | |||
r-devel-windows-ix86+x86_64 | 0.1.2 | 118.00 | 66.00 | 184.00 | OK | |
r-patched-linux-x86_64 | 0.1.2 | 30.77 | 23.67 | 54.44 | OK | |
r-patched-solaris-x86 | 0.1.2 | 41.90 | ERROR | |||
r-release-linux-x86_64 | 0.1.2 | 30.97 | 23.60 | 54.57 | OK | |
r-release-windows-ix86+x86_64 | 0.1.2 | 86.00 | 71.00 | 157.00 | OK | |
r-release-osx-x86_64 | 0.1.2 | OK | ||||
r-oldrel-windows-ix86+x86_64 | 0.1.2 | 93.00 | 63.00 | 156.00 | OK | |
r-oldrel-osx-x86_64 | 0.1.2 | OK |
Version: 0.1.2
Check: whether package can be installed
Result: ERROR
Installation failed.
Flavor: r-patched-solaris-x86