Last updated on 2017-07-26 01:56:07.
Flavor | Version | Tinstall | Tcheck | Ttotal | Status | Flags |
---|---|---|---|---|---|---|
r-devel-linux-x86_64-debian-clang | 1.2-0 | 1.63 | 30.71 | 32.34 | NOTE | |
r-devel-linux-x86_64-debian-gcc | 1.2-0 | 1.81 | 30.14 | 31.94 | NOTE | |
r-devel-linux-x86_64-fedora-clang | 1.2-0 | 46.21 | NOTE | |||
r-devel-linux-x86_64-fedora-gcc | 1.2-0 | 50.76 | NOTE | |||
r-devel-windows-ix86+x86_64 | 1.2-0 | 12.00 | 57.00 | 69.00 | OK | |
r-patched-linux-x86_64 | 1.2-0 | 1.64 | 30.66 | 32.30 | NOTE | |
r-patched-solaris-x86 | 1.2-0 | 58.90 | OK | |||
r-release-linux-x86_64 | 1.2-0 | 1.55 | 30.59 | 32.14 | NOTE | |
r-release-windows-ix86+x86_64 | 1.2-0 | 7.00 | 76.00 | 83.00 | OK | |
r-release-osx-x86_64 | 1.2-0 | OK | ||||
r-oldrel-windows-ix86+x86_64 | 1.2-0 | 6.00 | 52.00 | 58.00 | OK | |
r-oldrel-osx-x86_64 | 1.2-0 | OK |
Version: 1.2-0
Check: compiled code
Result: NOTE
File ‘BSSasymp/libs/BSSasymp.so’:
Found no calls to: ‘R_registerRoutines’, ‘R_useDynamicSymbols’
It is good practice to register native routines and to disable symbol
search.
See ‘Writing portable packages’ in the ‘Writing R Extensions’ manual.
Flavors: r-devel-linux-x86_64-debian-clang, r-devel-linux-x86_64-debian-gcc, r-devel-linux-x86_64-fedora-clang, r-devel-linux-x86_64-fedora-gcc, r-patched-linux-x86_64, r-release-linux-x86_64