Last updated on 2017-07-26 01:56:08.
Flavor | Version | Tinstall | Tcheck | Ttotal | Status | Flags |
---|---|---|---|---|---|---|
r-devel-linux-x86_64-debian-clang | 0.3-14 | 10.69 | 112.98 | 123.67 | NOTE | |
r-devel-linux-x86_64-debian-gcc | 0.3-14 | 8.97 | 112.56 | 121.53 | NOTE | |
r-devel-linux-x86_64-fedora-clang | 0.3-14 | 246.92 | NOTE | |||
r-devel-linux-x86_64-fedora-gcc | 0.3-14 | 255.66 | NOTE | |||
r-devel-windows-ix86+x86_64 | 0.3-14 | 65.00 | 304.00 | 369.00 | OK | |
r-patched-linux-x86_64 | 0.3-14 | 8.90 | 113.36 | 122.26 | NOTE | |
r-patched-solaris-x86 | 0.3-14 | 342.20 | OK | |||
r-release-linux-x86_64 | 0.3-14 | 8.75 | 113.38 | 122.13 | NOTE | |
r-release-windows-ix86+x86_64 | 0.3-14 | 47.00 | 362.00 | 409.00 | OK | |
r-release-osx-x86_64 | 0.3-14 | ERROR | ||||
r-oldrel-windows-ix86+x86_64 | 0.3-14 | 47.00 | 255.00 | 302.00 | OK | |
r-oldrel-osx-x86_64 | 0.3-14 | OK |
Version: 0.3-14
Check: compiled code
Result: NOTE
File ‘CRF/libs/CRF.so’:
Found no call to: ‘R_useDynamicSymbols’
It is good practice to register native routines and to disable symbol
search.
See ‘Writing portable packages’ in the ‘Writing R Extensions’ manual.
Flavors: r-devel-linux-x86_64-debian-clang, r-devel-linux-x86_64-debian-gcc, r-devel-linux-x86_64-fedora-clang, r-devel-linux-x86_64-fedora-gcc, r-patched-linux-x86_64, r-release-linux-x86_64
Version: 0.3-14
Check: package dependencies
Result: ERROR
Package required but not available: ‘Rglpk’
See section ‘The DESCRIPTION file’ in the ‘Writing R Extensions’
manual.
Flavor: r-release-osx-x86_64