Last updated on 2017-07-26 01:56:08.
Flavor | Version | Tinstall | Tcheck | Ttotal | Status | Flags |
---|---|---|---|---|---|---|
r-devel-linux-x86_64-debian-clang | 0.4-2 | 4.63 | 60.46 | 65.09 | OK | |
r-devel-linux-x86_64-debian-gcc | 0.4-2 | 3.93 | 59.29 | 63.22 | OK | |
r-devel-linux-x86_64-fedora-clang | 0.4-2 | 139.37 | OK | |||
r-devel-linux-x86_64-fedora-gcc | 0.4-2 | 144.25 | OK | |||
r-devel-windows-ix86+x86_64 | 0.4-2 | 20.00 | 168.00 | 188.00 | OK | |
r-patched-linux-x86_64 | 0.4-2 | 4.16 | 59.63 | 63.79 | OK | |
r-patched-solaris-x86 | 0.4-2 | 160.40 | OK | |||
r-release-linux-x86_64 | 0.4-2 | 4.09 | 59.33 | 63.41 | OK | |
r-release-windows-ix86+x86_64 | 0.4-2 | 15.00 | 178.00 | 193.00 | OK | |
r-release-osx-x86_64 | 0.4-2 | ERROR | ||||
r-oldrel-windows-ix86+x86_64 | 0.4-2 | 15.00 | 112.00 | 127.00 | OK | |
r-oldrel-osx-x86_64 | 0.4-2 | OK |
Version: 0.4-2
Check: package dependencies
Result: ERROR
Package required but not available: ‘CRF’
See section ‘The DESCRIPTION file’ in the ‘Writing R Extensions’
manual.
Flavor: r-release-osx-x86_64