Last updated on 2017-07-26 01:56:08.
Flavor | Version | Tinstall | Tcheck | Ttotal | Status | Flags |
---|---|---|---|---|---|---|
r-devel-linux-x86_64-debian-clang | 0.1-13 | 0.91 | 35.89 | 36.80 | NOTE | |
r-devel-linux-x86_64-debian-gcc | 0.1-13 | 0.92 | 35.10 | 36.02 | NOTE | |
r-devel-linux-x86_64-fedora-clang | 0.1-13 | 57.65 | NOTE | |||
r-devel-linux-x86_64-fedora-gcc | 0.1-13 | 61.11 | NOTE | |||
r-devel-windows-ix86+x86_64 | 0.1-13 | 5.00 | 69.00 | 74.00 | NOTE | |
r-patched-linux-x86_64 | 0.1-13 | 0.95 | 35.93 | 36.88 | NOTE | |
r-patched-solaris-x86 | 0.1-13 | 63.30 | NOTE | |||
r-release-linux-x86_64 | 0.1-13 | 1.16 | 36.21 | 37.37 | NOTE | |
r-release-windows-ix86+x86_64 | 0.1-13 | 3.00 | 71.00 | 74.00 | NOTE | |
r-release-osx-x86_64 | 0.1-13 | NOTE | ||||
r-oldrel-windows-ix86+x86_64 | 0.1-13 | 3.00 | 53.00 | 56.00 | OK | |
r-oldrel-osx-x86_64 | 0.1-13 | OK |
Version: 0.1-13
Check: DESCRIPTION meta-information
Result: NOTE
BugReports field is not a suitable URL but contains an email address
which will be used as from R 3.4.0
Flavors: r-devel-linux-x86_64-debian-clang, r-devel-linux-x86_64-debian-gcc, r-devel-linux-x86_64-fedora-clang, r-devel-linux-x86_64-fedora-gcc, r-devel-windows-ix86+x86_64, r-patched-linux-x86_64, r-patched-solaris-x86, r-release-linux-x86_64, r-release-windows-ix86+x86_64, r-release-osx-x86_64