Last updated on 2017-07-26 01:56:08.
Flavor | Version | Tinstall | Tcheck | Ttotal | Status | Flags |
---|---|---|---|---|---|---|
r-devel-linux-x86_64-debian-clang | 0.2 | 28.07 | 42.53 | 70.60 | NOTE | |
r-devel-linux-x86_64-debian-gcc | 0.2 | 24.56 | 42.18 | 66.74 | NOTE | |
r-devel-linux-x86_64-fedora-clang | 0.2 | 150.18 | NOTE | |||
r-devel-linux-x86_64-fedora-gcc | 0.2 | 147.35 | NOTE | |||
r-devel-windows-ix86+x86_64 | 0.2 | 77.00 | 92.00 | 169.00 | OK | |
r-patched-linux-x86_64 | 0.2 | 24.10 | 42.87 | 66.97 | NOTE | |
r-patched-solaris-x86 | 0.2 | 150.70 | OK | |||
r-release-linux-x86_64 | 0.2 | 24.78 | 42.66 | 67.44 | NOTE | |
r-release-windows-ix86+x86_64 | 0.2 | 64.00 | 112.00 | 176.00 | OK | |
r-release-osx-x86_64 | 0.2 | NOTE | ||||
r-oldrel-windows-ix86+x86_64 | 0.2 | 57.00 | 84.00 | 141.00 | OK | |
r-oldrel-osx-x86_64 | 0.2 | NOTE |
Version: 0.2
Check: compiled code
Result: NOTE
File ‘Coxnet/libs/Coxnet.so’:
Found no calls to: ‘R_registerRoutines’, ‘R_useDynamicSymbols’
It is good practice to register native routines and to disable symbol
search.
See ‘Writing portable packages’ in the ‘Writing R Extensions’ manual.
Flavors: r-devel-linux-x86_64-debian-clang, r-devel-linux-x86_64-debian-gcc, r-devel-linux-x86_64-fedora-clang, r-devel-linux-x86_64-fedora-gcc, r-patched-linux-x86_64, r-release-linux-x86_64
Version: 0.2
Check: installed package size
Result: NOTE
installed size is 9.6Mb
sub-directories of 1Mb or more:
libs 9.4Mb
Flavors: r-devel-linux-x86_64-fedora-clang, r-devel-linux-x86_64-fedora-gcc, r-release-osx-x86_64, r-oldrel-osx-x86_64