Last updated on 2017-07-26 01:56:09.
Flavor | Version | Tinstall | Tcheck | Ttotal | Status | Flags |
---|---|---|---|---|---|---|
r-devel-linux-x86_64-debian-clang | 0.63-3 | 1.44 | 39.94 | 41.38 | OK | |
r-devel-linux-x86_64-debian-gcc | 0.63-3 | 1.55 | 39.00 | 40.55 | OK | |
r-devel-linux-x86_64-fedora-clang | 0.63-3 | 54.38 | OK | |||
r-devel-linux-x86_64-fedora-gcc | 0.63-3 | 59.28 | OK | |||
r-devel-windows-ix86+x86_64 | 0.63-3 | 7.00 | 53.00 | 60.00 | OK | |
r-patched-linux-x86_64 | 0.63-3 | 1.55 | 41.20 | 42.75 | OK | |
r-patched-solaris-x86 | 0.63-3 | 64.40 | OK | |||
r-release-linux-x86_64 | 0.63-3 | 1.46 | 40.44 | 41.90 | OK | |
r-release-windows-ix86+x86_64 | 0.63-3 | 5.00 | 66.00 | 71.00 | OK | |
r-release-osx-x86_64 | 0.63-3 | WARN | ||||
r-oldrel-windows-ix86+x86_64 | 0.63-3 | 4.00 | 41.00 | 45.00 | OK | |
r-oldrel-osx-x86_64 | 0.63-3 | OK |
Version: 0.63-3
Check: re-building of vignette outputs
Result: WARN
Error in re-building vignettes:
...
Warning: namespace ‘evaluate’ is not available and has been replaced
by .GlobalEnv when processing object ‘’
Warning: namespace 'evaluate' is not available and has been replaced
by .GlobalEnv when processing object ''
Warning: running command 'kpsewhich framed.sty' had status 1
Warning in test_latex_pkg("framed", system.file("misc", "framed.sty", package = "knitr")) :
unable to find LaTeX package 'framed'; will use a copy from knitr
Error: processing vignette 'marray-notes.Rnw' failed with diagnostics:
shared object 'stringi.so' not found
Execution halted
Flavor: r-release-osx-x86_64