Last updated on 2017-07-26 01:56:09.
Flavor | Version | Tinstall | Tcheck | Ttotal | Status | Flags |
---|---|---|---|---|---|---|
r-devel-linux-x86_64-debian-clang | 2.1.2 | 1.31 | 43.81 | 45.12 | NOTE | |
r-devel-linux-x86_64-debian-gcc | 2.1.2 | 1.44 | 43.01 | 44.45 | NOTE | |
r-devel-linux-x86_64-fedora-clang | 2.1.2 | 70.70 | NOTE | |||
r-devel-linux-x86_64-fedora-gcc | 2.1.2 | 78.57 | NOTE | |||
r-devel-windows-ix86+x86_64 | 2.1.2 | 5.00 | 70.00 | 75.00 | NOTE | |
r-patched-linux-x86_64 | 2.1.2 | 1.28 | 43.31 | 44.58 | NOTE | |
r-patched-solaris-x86 | 2.1.2 | 97.50 | NOTE | |||
r-release-linux-x86_64 | 2.1.2 | 1.23 | 43.42 | 44.65 | NOTE | |
r-release-windows-ix86+x86_64 | 2.1.2 | 3.00 | 81.00 | 84.00 | NOTE | |
r-release-osx-x86_64 | 2.1.2 | NOTE | ||||
r-oldrel-windows-ix86+x86_64 | 2.1.2 | 5.00 | 61.00 | 66.00 | NOTE | |
r-oldrel-osx-x86_64 | 2.1.2 | NOTE |
Version: 2.1.2
Check: R code for possible problems
Result: NOTE
ASC: no visible global function definition for ‘cor’
DCe: no visible global function definition for ‘pbinom’
DCe: no visible global function definition for ‘p.adjust’
DCp: no visible global function definition for ‘p.adjust’
DRrank: no visible global function definition for ‘p.adjust’
LFC: no visible global function definition for ‘jpeg’
LFC: no visible global function definition for ‘plot’
LFC: no visible global function definition for ‘glm’
LFC: no visible global function definition for ‘predict’
LFC: no visible global function definition for ‘points’
LFC: no visible global function definition for ‘lines’
LFC: no visible global function definition for ‘dev.off’
LRC: no visible global function definition for ‘cor’
RIF: no visible global function definition for ‘cor’
TEDscore: no visible global function definition for ‘pbinom’
WGCNA: no visible global function definition for ‘cor’
percentLinkfilter: no visible global function definition for ‘cor’
qLinkfilter: no visible global function definition for ‘cor’
qLinkfilter: no visible global function definition for ‘pt’
qLinkfilter: no visible global function definition for ‘p.adjust’
rLinkfilter: no visible global function definition for ‘cor’
varianceBasedfilter: no visible binding for global variable ‘var’
varianceBasedfilter: no visible global function definition for ‘median’
varianceBasedfilter: no visible global function definition for ‘pchisq’
visTF2target_DCL: no visible global function definition for ‘pdf’
visTF2target_DCL: no visible global function definition for ‘plot’
visTF2target_DCL: no visible global function definition for ‘dev.off’
visTF_bridged_DCL: no visible global function definition for ‘pdf’
visTF_bridged_DCL: no visible global function definition for ‘plot’
visTF_bridged_DCL: no visible global function definition for ‘dev.off’
Undefined global functions or variables:
cor dev.off glm jpeg lines median p.adjust pbinom pchisq pdf plot
points predict pt var
Consider adding
importFrom("grDevices", "dev.off", "jpeg", "pdf")
importFrom("graphics", "lines", "plot", "points")
importFrom("stats", "cor", "glm", "median", "p.adjust", "pbinom",
"pchisq", "predict", "pt", "var")
to your NAMESPACE file.
Flavors: r-devel-linux-x86_64-debian-clang, r-devel-linux-x86_64-debian-gcc, r-devel-linux-x86_64-fedora-clang, r-devel-linux-x86_64-fedora-gcc, r-devel-windows-ix86+x86_64, r-patched-linux-x86_64, r-patched-solaris-x86, r-release-linux-x86_64, r-release-windows-ix86+x86_64, r-release-osx-x86_64, r-oldrel-windows-ix86+x86_64, r-oldrel-osx-x86_64