CRAN Package Check Results for Package DataEntry

Last updated on 2017-07-26 01:56:09.

Flavor Version Tinstall Tcheck Ttotal Status Flags
r-devel-linux-x86_64-debian-clang 0.9-2 2.23 41.92 44.15 NOTE
r-devel-linux-x86_64-debian-gcc 0.9-2 2.61 47.48 50.09 NOTE
r-devel-linux-x86_64-fedora-clang 0.9-2 72.27 NOTE
r-devel-linux-x86_64-fedora-gcc 0.9-2 82.24 OK
r-devel-windows-ix86+x86_64 0.9-2 7.00 59.00 66.00 OK
r-patched-linux-x86_64 0.9-2 2.38 47.54 49.92 NOTE
r-patched-solaris-x86 0.9-2 98.00 OK
r-release-linux-x86_64 0.9-2 2.53 45.11 47.64 NOTE
r-release-windows-ix86+x86_64 0.9-2 6.00 74.00 80.00 OK
r-release-osx-x86_64 0.9-2 ERROR
r-oldrel-windows-ix86+x86_64 0.9-2 7.00 56.00 63.00 OK
r-oldrel-osx-x86_64 0.9-2 OK

Check Details

Version: 0.9-2
Check: R code for possible problems
Result: NOTE
    Found the following assignments to the global environment:
    File ‘DataEntry/R/Export.R’:
     assign(svalue(edObnm), d, envir = .GlobalEnv)
Flavors: r-devel-linux-x86_64-debian-clang, r-devel-linux-x86_64-debian-gcc, r-devel-linux-x86_64-fedora-clang, r-patched-linux-x86_64, r-release-linux-x86_64

Version: 0.9-2
Check: package dependencies
Result: ERROR
    Packages required but not available: ‘RGtk2’ ‘gWidgets2RGtk2’
    
    See section ‘The DESCRIPTION file’ in the ‘Writing R Extensions’
    manual.
Flavor: r-release-osx-x86_64