CRAN Package Check Results for Package DataExplorer

Last updated on 2017-07-26 01:56:09.

Flavor Version Tinstall Tcheck Ttotal Status Flags
r-devel-linux-x86_64-debian-clang 0.4.0 1.74 86.26 88.00 OK
r-devel-linux-x86_64-debian-gcc 0.4.0 1.62 87.98 89.60 OK
r-devel-linux-x86_64-fedora-clang 0.4.0 157.25 OK
r-devel-linux-x86_64-fedora-gcc 0.4.0 172.47 OK
r-devel-windows-ix86+x86_64 0.4.0 7.00 177.00 184.00 OK
r-patched-linux-x86_64 0.4.0 1.68 86.93 88.61 OK
r-patched-solaris-x86 0.4.0 109.00 WARN
r-release-linux-x86_64 0.4.0 1.71 86.86 88.56 OK
r-release-windows-ix86+x86_64 0.4.0 6.00 136.00 142.00 OK
r-release-osx-x86_64 0.4.0 WARN
r-oldrel-windows-ix86+x86_64 0.4.0 6.00 123.00 129.00 OK
r-oldrel-osx-x86_64 0.4.0 WARN

Check Details

Version: 0.4.0
Check: re-building of vignette outputs
Result: WARN
    Error in re-building vignettes:
     ...
    Warning in engine$weave(file, quiet = quiet, encoding = enc) :
     Pandoc (>= 1.12.3) and/or pandoc-citeproc not available. Falling back to R Markdown v1.
    Warning in normalizePath(f2) :
     path[1]="./webshot3ead2c392788.png": No such file or directory
    Warning in file(con, "rb") :
     cannot open file './webshot3ead2c392788.png': No such file or directory
    Quitting from lines 57-68 (dataexplorer-intro.Rmd)
    Error: processing vignette 'dataexplorer-intro.Rmd' failed with diagnostics:
    cannot open the connection
    Execution halted
Flavor: r-patched-solaris-x86

Version: 0.4.0
Check: re-building of vignette outputs
Result: WARN
    Error in re-building vignettes:
     ...
    Warning in engine$weave(file, quiet = quiet, encoding = enc) :
     Pandoc (>= 1.12.3) and/or pandoc-citeproc not available. Falling back to R Markdown v1.
    Warning in normalizePath(f2) :
     path[1]="./webshot9a827e5ee17d.png": No such file or directory
    Warning in file(con, "rb") :
     cannot open file './webshot9a827e5ee17d.png': No such file or directory
    Quitting from lines 57-68 (dataexplorer-intro.Rmd)
    Error: processing vignette 'dataexplorer-intro.Rmd' failed with diagnostics:
    cannot open the connection
    Execution halted
Flavor: r-release-osx-x86_64

Version: 0.4.0
Check: re-building of vignette outputs
Result: WARN
    Error in re-building vignettes:
     ...
    Warning in engine$weave(file, quiet = quiet, encoding = enc) :
     Pandoc (>= 1.12.3) and/or pandoc-citeproc not available. Falling back to R Markdown v1.
    Warning in normalizePath(f2) :
     path[1]="./webshot16c4d558b2e19.png": No such file or directory
    Warning in file(con, "rb") :
     cannot open file './webshot16c4d558b2e19.png': No such file or directory
    Quitting from lines 57-68 (dataexplorer-intro.Rmd)
    Error: processing vignette 'dataexplorer-intro.Rmd' failed with diagnostics:
    cannot open the connection
    Execution halted
Flavor: r-oldrel-osx-x86_64