CRAN Package Check Results for Package Datasmith

Last updated on 2017-07-26 01:56:09.

Flavor Version Tinstall Tcheck Ttotal Status Flags
r-devel-linux-x86_64-debian-clang 1.0-1 4.21 57.42 61.63 NOTE
r-devel-linux-x86_64-debian-gcc 1.0-1 4.22 66.53 70.75 NOTE
r-devel-linux-x86_64-fedora-clang 1.0-1 124.43 NOTE
r-devel-linux-x86_64-fedora-gcc 1.0-1 142.98 NOTE
r-devel-windows-ix86+x86_64 1.0-1 17.00 151.00 168.00 OK
r-patched-linux-x86_64 1.0-1 4.50 66.89 71.39 NOTE
r-patched-solaris-x86 1.0-1 157.80 OK
r-release-linux-x86_64 1.0-1 4.22 65.92 70.15 NOTE
r-release-windows-ix86+x86_64 1.0-1 15.00 147.00 162.00 OK
r-release-osx-x86_64 1.0-1 OK
r-oldrel-windows-ix86+x86_64 1.0-1 14.00 109.00 123.00 OK
r-oldrel-osx-x86_64 1.0-1 OK

Check Details

Version: 1.0-1
Check: compiled code
Result: NOTE
    File ‘Datasmith/libs/Datasmith.so’:
     Found no calls to: ‘R_registerRoutines’, ‘R_useDynamicSymbols’
    
    It is good practice to register native routines and to disable symbol
    search.
    
    See ‘Writing portable packages’ in the ‘Writing R Extensions’ manual.
Flavors: r-devel-linux-x86_64-debian-clang, r-devel-linux-x86_64-debian-gcc, r-devel-linux-x86_64-fedora-clang, r-devel-linux-x86_64-fedora-gcc, r-patched-linux-x86_64, r-release-linux-x86_64