CRAN Package Check Results for Package DiffusionRimp

Last updated on 2017-07-26 01:56:10.

Flavor Version Tinstall Tcheck Ttotal Status Flags
r-devel-linux-x86_64-debian-clang 0.1.2 12.03 37.37 49.39 NOTE
r-devel-linux-x86_64-debian-gcc 0.1.2 12.60 35.97 48.57 NOTE
r-devel-linux-x86_64-fedora-clang 0.1.2 81.83 NOTE
r-devel-linux-x86_64-fedora-gcc 0.1.2 88.34 NOTE
r-devel-windows-ix86+x86_64 0.1.2 53.00 94.00 147.00 OK
r-patched-linux-x86_64 0.1.2 12.93 37.32 50.24 NOTE
r-patched-solaris-x86 0.1.2 88.90 OK
r-release-linux-x86_64 0.1.2 12.58 36.37 48.95 NOTE
r-release-windows-ix86+x86_64 0.1.2 38.00 100.00 138.00 OK
r-release-osx-x86_64 0.1.2 OK
r-oldrel-windows-ix86+x86_64 0.1.2 42.00 59.00 101.00 OK
r-oldrel-osx-x86_64 0.1.2 OK

Check Details

Version: 0.1.2
Check: compiled code
Result: NOTE
    File ‘DiffusionRimp/libs/DiffusionRimp.so’:
     Found no calls to: ‘R_registerRoutines’, ‘R_useDynamicSymbols’
    
    It is good practice to register native routines and to disable symbol
    search.
    
    See ‘Writing portable packages’ in the ‘Writing R Extensions’ manual.
Flavors: r-devel-linux-x86_64-debian-clang, r-devel-linux-x86_64-debian-gcc, r-devel-linux-x86_64-fedora-clang, r-devel-linux-x86_64-fedora-gcc, r-patched-linux-x86_64, r-release-linux-x86_64