CRAN Package Check Results for Package DiscML

Last updated on 2017-07-26 01:56:10.

Flavor Version Tinstall Tcheck Ttotal Status Flags
r-devel-linux-x86_64-debian-clang 1.0.1 0.86 30.54 31.40 NOTE
r-devel-linux-x86_64-debian-gcc 1.0.1 0.90 30.24 31.14 NOTE
r-devel-linux-x86_64-fedora-clang 1.0.1 45.30 NOTE
r-devel-linux-x86_64-fedora-gcc 1.0.1 49.56 NOTE
r-devel-windows-ix86+x86_64 1.0.1 4.00 60.00 64.00 NOTE
r-patched-linux-x86_64 1.0.1 1.00 30.93 31.93 NOTE
r-patched-solaris-x86 1.0.1 54.70 NOTE
r-release-linux-x86_64 1.0.1 0.99 30.71 31.70 NOTE
r-release-windows-ix86+x86_64 1.0.1 3.00 62.00 65.00 NOTE
r-release-osx-x86_64 1.0.1 NOTE
r-oldrel-windows-ix86+x86_64 1.0.1 2.00 44.00 46.00 NOTE
r-oldrel-osx-x86_64 1.0.1 NOTE

Check Details

Version: 1.0.1
Check: R code for possible problems
Result: NOTE
    DiscML : midpoint : allAncestors: no visible global function definition
     for ‘reorder’
    DiscML : midpoint : reroot: no visible global function definition for
     ‘reorder’
    DiscML : midpoint : node2root: no visible global function definition
     for ‘reorder’
    DiscML : midpoint: no visible global function definition for ‘reorder’
    DiscML: no visible global function definition for ‘reorder’
    DiscML : DiscML2 : dev: no visible global function definition for
     ‘qgamma’
    DiscML : DiscML2 : dev: no visible global function definition for ‘is’
    DiscML : DiscML2: no visible global function definition for ‘nlminb’
    DiscML : DiscML2: no visible global function definition for ‘nlm’
    DiscML: no visible global function definition for ‘par’
    DiscML: no visible global function definition for ‘plot’
    DiscML: no visible global function definition for ‘axis’
    DiscML: no visible global function definition for ‘axTicks’
    DiscML: no visible global function definition for ‘text’
    Undefined global functions or variables:
     axTicks axis is nlm nlminb par plot qgamma reorder text
    Consider adding
     importFrom("graphics", "axTicks", "axis", "par", "plot", "text")
     importFrom("methods", "is")
     importFrom("stats", "nlm", "nlminb", "qgamma", "reorder")
    to your NAMESPACE file (and ensure that your DESCRIPTION Imports field
    contains 'methods').
Flavors: r-devel-linux-x86_64-debian-clang, r-devel-linux-x86_64-debian-gcc, r-devel-linux-x86_64-fedora-clang, r-devel-linux-x86_64-fedora-gcc, r-devel-windows-ix86+x86_64, r-patched-linux-x86_64, r-patched-solaris-x86, r-release-linux-x86_64, r-release-windows-ix86+x86_64, r-release-osx-x86_64, r-oldrel-windows-ix86+x86_64, r-oldrel-osx-x86_64