CRAN Package Check Results for Package DiversityOccupancy

Last updated on 2017-07-26 01:56:10.

Flavor Version Tinstall Tcheck Ttotal Status Flags
r-devel-linux-x86_64-debian-clang 1.0.6 6.95 81.48 88.42 OK
r-devel-linux-x86_64-debian-gcc 1.0.6 6.50 81.99 88.49 OK
r-devel-linux-x86_64-fedora-clang 1.0.6 178.45 OK
r-devel-linux-x86_64-fedora-gcc 1.0.6 205.16 OK
r-devel-windows-ix86+x86_64 1.0.6 25.00 195.00 220.00 OK
r-patched-linux-x86_64 1.0.6 6.88 84.68 91.55 OK
r-patched-solaris-x86 1.0.6 247.30 OK
r-release-linux-x86_64 1.0.6 6.56 83.70 90.26 OK
r-release-windows-ix86+x86_64 1.0.6 18.00 189.00 207.00 OK
r-release-osx-x86_64 1.0.6 NOTE
r-oldrel-windows-ix86+x86_64 1.0.6 19.00 128.00 147.00 OK
r-oldrel-osx-x86_64 1.0.6 OK

Check Details

Version: 1.0.6
Check: package dependencies
Result: NOTE
    Package suggested but not available for checking: ‘rgdal’
Flavor: r-release-osx-x86_64