Last updated on 2017-07-26 01:56:10.
Flavor | Version | Tinstall | Tcheck | Ttotal | Status | Flags |
---|---|---|---|---|---|---|
r-devel-linux-x86_64-debian-clang | 1.0.17 | 1.84 | 38.27 | 40.11 | NOTE | |
r-devel-linux-x86_64-debian-gcc | 1.0.17 | 1.99 | 37.99 | 39.97 | NOTE | |
r-devel-linux-x86_64-fedora-clang | 1.0.17 | 59.51 | NOTE | |||
r-devel-linux-x86_64-fedora-gcc | 1.0.17 | 69.38 | NOTE | |||
r-devel-windows-ix86+x86_64 | 1.0.17 | 7.00 | 84.00 | 91.00 | NOTE | |
r-patched-linux-x86_64 | 1.0.17 | 1.93 | 38.36 | 40.29 | NOTE | |
r-patched-solaris-x86 | 1.0.17 | 82.40 | NOTE | |||
r-release-linux-x86_64 | 1.0.17 | 1.83 | 38.55 | 40.37 | NOTE | |
r-release-windows-ix86+x86_64 | 1.0.17 | 5.00 | 79.00 | 84.00 | NOTE | |
r-release-osx-x86_64 | 1.0.17 | NOTE | ||||
r-oldrel-windows-ix86+x86_64 | 1.0.17 | 5.00 | 55.00 | 60.00 | OK | |
r-oldrel-osx-x86_64 | 1.0.17 | OK |
Version: 1.0.17
Check: DESCRIPTION meta-information
Result: NOTE
BugReports field should be the URL of a single webpage
Flavors: r-devel-linux-x86_64-debian-clang, r-devel-linux-x86_64-debian-gcc, r-devel-linux-x86_64-fedora-clang, r-devel-linux-x86_64-fedora-gcc, r-devel-windows-ix86+x86_64, r-patched-linux-x86_64, r-patched-solaris-x86, r-release-linux-x86_64, r-release-windows-ix86+x86_64, r-release-osx-x86_64