CRAN Package Check Results for Package ETLUtils

Last updated on 2017-07-26 01:56:12.

Flavor Version Tinstall Tcheck Ttotal Status Flags
r-devel-linux-x86_64-debian-clang 1.3 0.79 22.36 23.16 OK
r-devel-linux-x86_64-debian-gcc 1.3 0.78 22.29 23.07 OK
r-devel-linux-x86_64-fedora-clang 1.3 27.41 OK
r-devel-linux-x86_64-fedora-gcc 1.3 31.04 OK
r-devel-windows-ix86+x86_64 1.3 6.00 43.00 49.00 OK
r-patched-linux-x86_64 1.3 0.73 22.04 22.77 OK
r-patched-solaris-x86 1.3 37.30 OK
r-release-linux-x86_64 1.3 0.72 22.12 22.84 OK
r-release-windows-ix86+x86_64 1.3 3.00 51.00 54.00 OK
r-release-osx-x86_64 1.3 NOTE
r-oldrel-windows-ix86+x86_64 1.3 3.00 29.00 32.00 OK
r-oldrel-osx-x86_64 1.3 NOTE

Check Details

Version: 1.3
Check: package dependencies
Result: NOTE
    Package suggested but not available for checking: ‘RODBC’
Flavors: r-release-osx-x86_64, r-oldrel-osx-x86_64

Version: 1.3
Check: Rd cross-references
Result: NOTE
    Package unavailable to check Rd xrefs: ‘RODBC’
Flavors: r-release-osx-x86_64, r-oldrel-osx-x86_64