CRAN Package Check Results for Package EW

Last updated on 2017-07-26 01:56:12.

Flavor Version Tinstall Tcheck Ttotal Status Flags
r-devel-linux-x86_64-debian-clang 1.1 0.56 15.94 16.50 NOTE
r-devel-linux-x86_64-debian-gcc 1.1 0.59 16.14 16.73 NOTE
r-devel-linux-x86_64-fedora-clang 1.1 17.09 NOTE
r-devel-linux-x86_64-fedora-gcc 1.1 19.10 NOTE
r-devel-windows-ix86+x86_64 1.1 4.00 33.00 37.00 NOTE
r-patched-linux-x86_64 1.1 0.59 16.39 16.98 NOTE
r-patched-solaris-x86 1.1 24.80 NOTE
r-release-linux-x86_64 1.1 0.54 16.19 16.74 NOTE
r-release-windows-ix86+x86_64 1.1 3.00 22.00 25.00 NOTE
r-release-osx-x86_64 1.1 NOTE
r-oldrel-windows-ix86+x86_64 1.1 2.00 23.00 25.00 NOTE
r-oldrel-osx-x86_64 1.1 NOTE

Check Details

Version: 1.1
Check: R code for possible problems
Result: NOTE
    EW : PhiP : Phi: no visible global function definition for ‘pnorm’
    EWplot: no visible global function definition for ‘plot’
    Undefined global functions or variables:
     plot pnorm
    Consider adding
     importFrom("graphics", "plot")
     importFrom("stats", "pnorm")
    to your NAMESPACE file.
Flavors: r-devel-linux-x86_64-debian-clang, r-devel-linux-x86_64-debian-gcc, r-devel-linux-x86_64-fedora-clang, r-devel-linux-x86_64-fedora-gcc, r-devel-windows-ix86+x86_64, r-patched-linux-x86_64, r-patched-solaris-x86, r-release-linux-x86_64, r-release-windows-ix86+x86_64, r-release-osx-x86_64, r-oldrel-windows-ix86+x86_64, r-oldrel-osx-x86_64