Last updated on 2017-07-26 01:56:15.
Flavor | Version | Tinstall | Tcheck | Ttotal | Status | Flags |
---|---|---|---|---|---|---|
r-devel-linux-x86_64-debian-clang | 0.1 | 3.23 | 48.99 | 52.21 | OK | |
r-devel-linux-x86_64-debian-gcc | 0.1 | 3.24 | 48.24 | 51.48 | OK | |
r-devel-linux-x86_64-fedora-clang | 0.1 | 102.47 | NOTE | |||
r-devel-linux-x86_64-fedora-gcc | 0.1 | 110.04 | NOTE | |||
r-devel-windows-ix86+x86_64 | 0.1 | 10.00 | 94.00 | 104.00 | OK | |
r-patched-linux-x86_64 | 0.1 | 3.27 | 50.02 | 53.29 | OK | |
r-patched-solaris-x86 | 0.1 | 132.60 | NOTE | |||
r-release-linux-x86_64 | 0.1 | 3.78 | 50.38 | 54.16 | OK | |
r-release-windows-ix86+x86_64 | 0.1 | 8.00 | 93.00 | 101.00 | OK | |
r-release-osx-x86_64 | 0.1 | NOTE | ||||
r-oldrel-windows-ix86+x86_64 | 0.1 | 8.00 | 69.00 | 77.00 | OK | |
r-oldrel-osx-x86_64 | 0.1 | NOTE |
Version: 0.1
Check: dependencies in R code
Result: NOTE
Namespace in Imports field not imported from: ‘stringr’
All declared Imports should be used.
Flavors: r-devel-linux-x86_64-fedora-clang, r-devel-linux-x86_64-fedora-gcc, r-patched-solaris-x86, r-release-osx-x86_64, r-oldrel-osx-x86_64