CRAN Package Check Results for Package HARtools

Last updated on 2017-07-26 01:56:16.

Flavor Version Tinstall Tcheck Ttotal Status Flags
r-devel-linux-x86_64-debian-clang 0.0.5 0.96 24.58 25.55 OK
r-devel-linux-x86_64-debian-gcc 0.0.5 0.98 24.59 25.56 OK
r-devel-linux-x86_64-fedora-clang 0.0.5 34.13 OK
r-devel-linux-x86_64-fedora-gcc 0.0.5 37.61 OK
r-devel-windows-ix86+x86_64 0.0.5 5.00 52.00 57.00 OK
r-patched-linux-x86_64 0.0.5 1.06 24.63 25.69 OK
r-patched-solaris-x86 0.0.5 46.70 WARN
r-release-linux-x86_64 0.0.5 1.12 24.52 25.64 OK
r-release-windows-ix86+x86_64 0.0.5 4.00 38.00 42.00 OK
r-release-osx-x86_64 0.0.5 WARN
r-oldrel-windows-ix86+x86_64 0.0.5 4.00 33.00 37.00 OK
r-oldrel-osx-x86_64 0.0.5 WARN

Check Details

Version: 0.0.5
Check: re-building of vignette outputs
Result: WARN
    Error in re-building vignettes:
     ...
    Warning in engine$weave(file, quiet = quiet, encoding = enc) :
     Pandoc (>= 1.12.3) and/or pandoc-citeproc not available. Falling back to R Markdown v1.
    Quitting from lines 122-128 (Basic_use.Rmd)
    Error: processing vignette 'Basic_use.Rmd' failed with diagnostics:
    cannot open the connection
    Execution halted
Flavors: r-patched-solaris-x86, r-oldrel-osx-x86_64

Version: 0.0.5
Check: re-building of vignette outputs
Result: WARN
    Error in re-building vignettes:
     ...
    Warning in engine$weave(file, quiet = quiet, encoding = enc) :
     Pandoc (>= 1.12.3) and/or pandoc-citeproc not available. Falling back to R Markdown v1.
    Quitting from lines 67-70 (Basic_use.Rmd)
    Error: processing vignette 'Basic_use.Rmd' failed with diagnostics:
    HTTP error 403.
    Execution halted
Flavor: r-release-osx-x86_64