CRAN Package Check Results for Package HBP

Last updated on 2017-07-26 01:56:16.

Flavor Version Tinstall Tcheck Ttotal Status Flags
r-devel-linux-x86_64-debian-clang 0.1.2 15.99 172.73 188.72 OK
r-devel-linux-x86_64-debian-gcc 0.1.2 15.31 173.73 189.04 OK
r-devel-linux-x86_64-fedora-clang 0.1.2 381.04 OK
r-devel-linux-x86_64-fedora-gcc 0.1.2 414.17 OK
r-devel-windows-ix86+x86_64 0.1.2 55.00 339.00 394.00 OK
r-patched-linux-x86_64 0.1.2 16.83 180.26 197.09 OK
r-patched-solaris-x86 0.1.2 522.00 NOTE
r-release-linux-x86_64 0.1.2 15.97 181.19 197.17 OK
r-release-windows-ix86+x86_64 0.1.2 37.00 345.00 382.00 OK
r-release-osx-x86_64 0.1.2 ERROR
r-oldrel-windows-ix86+x86_64 0.1.2 40.00 257.00 297.00 OK
r-oldrel-osx-x86_64 0.1.2 OK

Check Details

Version: 0.1.2
Check: package dependencies
Result: NOTE
    Package suggested but not available for checking: ‘BSgenome.Hsapiens.UCSC.hg19’
Flavor: r-patched-solaris-x86

Version: 0.1.2
Check: package dependencies
Result: ERROR
    Packages required but not available: ‘rtracklayer’ ‘OmicCircos’ ‘HiTC’
    
    Package suggested but not available for checking: ‘BSgenome.Hsapiens.UCSC.hg19’
    
    See section ‘The DESCRIPTION file’ in the ‘Writing R Extensions’
    manual.
Flavor: r-release-osx-x86_64