Last updated on 2017-07-26 01:56:16.
Flavor | Version | Tinstall | Tcheck | Ttotal | Status | Flags |
---|---|---|---|---|---|---|
r-devel-linux-x86_64-debian-clang | 2.0.8 | 1.46 | 39.53 | 40.99 | OK | |
r-devel-linux-x86_64-debian-gcc | 2.0.8 | 1.46 | 39.15 | 40.61 | OK | |
r-devel-linux-x86_64-fedora-clang | 2.0.8 | 52.01 | OK | |||
r-devel-linux-x86_64-fedora-gcc | 2.0.8 | 56.08 | OK | |||
r-devel-windows-ix86+x86_64 | 2.0.8 | 9.00 | 54.00 | 63.00 | OK | |
r-patched-linux-x86_64 | 2.0.8 | 1.48 | 39.97 | 41.45 | OK | |
r-patched-solaris-x86 | 2.0.8 | 63.10 | OK | |||
r-release-linux-x86_64 | 2.0.8 | 1.80 | 40.46 | 42.25 | OK | |
r-release-windows-ix86+x86_64 | 2.0.8 | 5.00 | 72.00 | 77.00 | OK | |
r-release-osx-x86_64 | 2.0.8 | ERROR | ||||
r-oldrel-windows-ix86+x86_64 | 2.0.8 | 4.00 | 66.00 | 70.00 | OK | |
r-oldrel-osx-x86_64 | 2.0.8 | OK |
Version: 2.0.8
Check: package dependencies
Result: ERROR
Package required but not available: ‘edgeR’
Package suggested but not available for checking: ‘HTSFilter’
See section ‘The DESCRIPTION file’ in the ‘Writing R Extensions’
manual.
Flavor: r-release-osx-x86_64