Last updated on 2017-07-26 01:56:16.
Flavor | Version | Tinstall | Tcheck | Ttotal | Status | Flags |
---|---|---|---|---|---|---|
r-devel-linux-x86_64-debian-clang | 1.1.1 | 6.07 | 1431.73 | 1437.80 | OK | |
r-devel-linux-x86_64-debian-gcc | 1.2.0 | 6.20 | 1449.15 | 1455.34 | OK | |
r-devel-linux-x86_64-fedora-clang | 1.2.0 | 2148.56 | OK | |||
r-devel-linux-x86_64-fedora-gcc | 1.2.0 | 2137.65 | OK | |||
r-devel-windows-ix86+x86_64 | 1.2.0 | 22.00 | 614.00 | 636.00 | OK | --no-vignettes |
r-patched-linux-x86_64 | 1.1.1 | 5.90 | 373.62 | 379.51 | OK | |
r-patched-solaris-x86 | 1.2.0 | 1201.00 | NOTE | |||
r-release-linux-x86_64 | 1.2.0 | 6.13 | 415.75 | 421.88 | OK | |
r-release-windows-ix86+x86_64 | 1.1.1 | 15.00 | 280.00 | 295.00 | OK | --no-vignettes |
r-release-osx-x86_64 | 1.2.0 | ERROR | ||||
r-oldrel-windows-ix86+x86_64 | 1.2.0 | 16.00 | 181.00 | 197.00 | OK | --no-vignettes |
r-oldrel-osx-x86_64 | 1.2.0 | OK |
Version: 1.2.0
Check: installed package size
Result: NOTE
installed size is 5.2Mb
sub-directories of 1Mb or more:
data 4.1Mb
Flavor: r-patched-solaris-x86
Version: 1.2.0
Check: package dependencies
Result: ERROR
Packages required but not available: ‘DESeq2’ ‘phyloseq’
See section ‘The DESCRIPTION file’ in the ‘Writing R Extensions’
manual.
Flavor: r-release-osx-x86_64