CRAN Package Check Results for Package HURDAT

Last updated on 2017-07-26 01:56:16.

Flavor Version Tinstall Tcheck Ttotal Status Flags
r-devel-linux-x86_64-debian-clang 0.1.0 1.54 32.47 34.01 OK
r-devel-linux-x86_64-debian-gcc 0.1.0 1.53 33.32 34.85 OK
r-devel-linux-x86_64-fedora-clang 0.1.0 40.59 OK
r-devel-linux-x86_64-fedora-gcc 0.1.0 43.36 OK
r-devel-windows-ix86+x86_64 0.1.0 5.00 67.00 72.00 OK
r-patched-linux-x86_64 0.1.0 1.68 32.45 34.13 OK
r-patched-solaris-x86 0.1.0 57.20 OK
r-release-linux-x86_64 0.1.0 1.59 34.81 36.40 OK
r-release-windows-ix86+x86_64 0.1.0 4.00 48.00 52.00 OK
r-release-osx-x86_64 0.1.0 OK
r-oldrel-osx-x86_64 0.1.0 ERROR

Check Details

Version: 0.1.0
Check: whether package can be installed
Result: ERROR
    Installation failed.
Flavor: r-oldrel-osx-x86_64