Last updated on 2017-07-26 01:56:16.
Flavor | Version | Tinstall | Tcheck | Ttotal | Status | Flags |
---|---|---|---|---|---|---|
r-devel-linux-x86_64-debian-clang | 0.10.5 | 4.74 | 116.65 | 121.39 | OK | |
r-devel-linux-x86_64-debian-gcc | 0.10.5 | 4.77 | 116.12 | 120.89 | OK | |
r-devel-linux-x86_64-fedora-clang | 0.10.5 | 245.90 | OK | |||
r-devel-linux-x86_64-fedora-gcc | 0.10.5 | 261.15 | OK | |||
r-devel-windows-ix86+x86_64 | 0.10.5 | 19.00 | 259.00 | 278.00 | OK | |
r-patched-linux-x86_64 | 0.10.5 | 4.70 | 119.00 | 123.70 | OK | |
r-patched-solaris-x86 | 0.10.5 | 317.00 | OK | |||
r-release-linux-x86_64 | 0.10.5 | 4.43 | 118.68 | 123.11 | OK | |
r-release-windows-ix86+x86_64 | 0.10.5 | 16.00 | 256.00 | 272.00 | OK | |
r-release-osx-x86_64 | 0.10.5 | ERROR | ||||
r-oldrel-windows-ix86+x86_64 | 0.10.5 | 12.00 | 175.00 | 187.00 | OK | |
r-oldrel-osx-x86_64 | 0.10.5 | OK |
Version: 0.10.5
Check: package dependencies
Result: ERROR
Packages required but not available: ‘graph’ ‘gRbase’
See section ‘The DESCRIPTION file’ in the ‘Writing R Extensions’
manual.
Flavor: r-release-osx-x86_64