CRAN Package Check Results for Package ICAFF

Last updated on 2017-07-26 01:56:17.

Flavor Version Tinstall Tcheck Ttotal Status Flags
r-devel-linux-x86_64-debian-clang 1.0.1 0.65 18.81 19.46 NOTE
r-devel-linux-x86_64-debian-gcc 1.0.1 0.57 17.95 18.52 NOTE
r-devel-linux-x86_64-fedora-clang 1.0.1 22.28 NOTE
r-devel-linux-x86_64-fedora-gcc 1.0.1 23.28 NOTE
r-devel-windows-ix86+x86_64 1.0.1 4.00 37.00 41.00 NOTE
r-patched-linux-x86_64 1.0.1 0.56 20.08 20.63 NOTE
r-patched-solaris-x86 1.0.1 31.70 NOTE
r-release-linux-x86_64 1.0.1 0.53 18.80 19.33 NOTE
r-release-windows-ix86+x86_64 1.0.1 2.00 26.00 28.00 NOTE
r-release-osx-x86_64 1.0.1 NOTE
r-oldrel-windows-ix86+x86_64 1.0.1 2.00 28.00 30.00 NOTE
r-oldrel-osx-x86_64 1.0.1 NOTE

Check Details

Version: 1.0.1
Check: R code for possible problems
Result: NOTE
    ICA: no visible global function definition for ‘runif’
    plot.ICA: no visible global function definition for ‘plot’
    Undefined global functions or variables:
     plot runif
    Consider adding
     importFrom("graphics", "plot")
     importFrom("stats", "runif")
    to your NAMESPACE file.
Flavors: r-devel-linux-x86_64-debian-clang, r-devel-linux-x86_64-debian-gcc, r-devel-linux-x86_64-fedora-clang, r-devel-linux-x86_64-fedora-gcc, r-devel-windows-ix86+x86_64, r-patched-linux-x86_64, r-patched-solaris-x86, r-release-linux-x86_64, r-release-windows-ix86+x86_64, r-release-osx-x86_64, r-oldrel-windows-ix86+x86_64, r-oldrel-osx-x86_64