Last updated on 2017-07-26 01:56:17.
Flavor | Version | Tinstall | Tcheck | Ttotal | Status | Flags |
---|---|---|---|---|---|---|
r-devel-linux-x86_64-debian-clang | 0.1.6 | 0.61 | 17.59 | 18.20 | OK | |
r-devel-linux-x86_64-debian-gcc | 0.1.6 | 0.58 | 18.25 | 18.83 | OK | |
r-devel-linux-x86_64-fedora-clang | 0.1.6 | 23.20 | OK | |||
r-devel-linux-x86_64-fedora-gcc | 0.1.6 | 21.70 | OK | |||
r-devel-windows-ix86+x86_64 | 0.1.6 | 5.00 | 28.00 | 33.00 | OK | |
r-patched-linux-x86_64 | 0.1.6 | 0.65 | 18.15 | 18.80 | OK | |
r-patched-solaris-x86 | 0.1.6 | 30.20 | OK | |||
r-release-linux-x86_64 | 0.1.6 | 0.58 | 17.61 | 18.19 | OK | |
r-release-windows-ix86+x86_64 | 0.1.6 | 2.00 | 27.00 | 29.00 | OK | |
r-release-osx-x86_64 | 0.1.6 | ERROR | ||||
r-oldrel-windows-ix86+x86_64 | 0.1.6 | 2.00 | 25.00 | 27.00 | OK | |
r-oldrel-osx-x86_64 | 0.1.6 | OK |
Version: 0.1.6
Check: package dependencies
Result: NOTE
Package suggested but not available for checking: ‘devtools’
Flavor: r-release-osx-x86_64
Version: 0.1.6
Check: tests
Result: ERROR
Running ‘testthat.R’ [1s/1s]
Running the tests in ‘tests/testthat.R’ failed.
Complete output:
> library(testthat)
> library(IalsaSynthesis)
>
> test_check("IalsaSynthesis")
Error in loadNamespace(name) : there is no package called 'devtools'
Calls: test_check ... tryCatch -> tryCatchList -> tryCatchOne -> <Anonymous>
testthat results ================================================================
OK: 0 SKIPPED: 0 FAILED: 0
Execution halted
Flavor: r-release-osx-x86_64