Last updated on 2017-07-26 01:56:18.
Flavor | Version | Tinstall | Tcheck | Ttotal | Status | Flags |
---|---|---|---|---|---|---|
r-devel-linux-x86_64-debian-clang | 2.0-0 | 1.94 | 34.67 | 36.61 | NOTE | |
r-devel-linux-x86_64-debian-gcc | 2.0-0 | 1.80 | 35.10 | 36.89 | NOTE | |
r-devel-linux-x86_64-fedora-clang | 2.0-0 | 52.59 | NOTE | |||
r-devel-linux-x86_64-fedora-gcc | 2.0-0 | 51.01 | NOTE | |||
r-devel-windows-ix86+x86_64 | 2.0-0 | 13.00 | 68.00 | 81.00 | OK | |
r-patched-linux-x86_64 | 2.0-0 | 1.65 | 34.62 | 36.27 | NOTE | |
r-patched-solaris-x86 | 2.0-0 | 62.20 | OK | |||
r-release-linux-x86_64 | 2.0-0 | 1.65 | 33.66 | 35.30 | NOTE | |
r-release-windows-ix86+x86_64 | 2.0-0 | 8.00 | 88.00 | 96.00 | OK | |
r-release-osx-x86_64 | 2.0-0 | WARN | ||||
r-oldrel-windows-ix86+x86_64 | 2.0-0 | 8.00 | 65.00 | 73.00 | OK | |
r-oldrel-osx-x86_64 | 2.0-0 | OK |
Version: 2.0-0
Check: compiled code
Result: NOTE
File ‘JADE/libs/JADE.so’:
Found no calls to: ‘R_registerRoutines’, ‘R_useDynamicSymbols’
It is good practice to register native routines and to disable symbol
search.
See ‘Writing portable packages’ in the ‘Writing R Extensions’ manual.
Flavors: r-devel-linux-x86_64-debian-clang, r-devel-linux-x86_64-debian-gcc, r-devel-linux-x86_64-fedora-clang, r-devel-linux-x86_64-fedora-gcc, r-patched-linux-x86_64, r-release-linux-x86_64
Version: 2.0-0
Check: re-building of vignette outputs
Result: WARN
Error in re-building vignettes:
...
Error in texi2dvi(file = file, pdf = TRUE, clean = clean, quiet = quiet, :
Running 'texi2dvi' on 'JADE-BSSasymp.tex' failed.
LaTeX errors:
! LaTeX Error: File `fullpage.sty' not found.
Type X to quit or <RETURN> to proceed,
or enter new name. (Default extension: sty)
! Emergency stop.
<read *>
l.15 \usepackage
{authblk}^^M
! ==> Fatal error occurred, no output PDF file produced!
Calls: buildVignettes -> texi2pdf -> texi2dvi
Execution halted
Flavor: r-release-osx-x86_64