CRAN Package Check Results for Package LogisticDx

Last updated on 2017-07-26 01:56:19.

Flavor Version Tinstall Tcheck Ttotal Status Flags
r-devel-linux-x86_64-debian-clang 0.2 4.54 74.76 79.30 OK
r-devel-linux-x86_64-debian-gcc 0.2 4.36 73.15 77.50 OK
r-devel-linux-x86_64-fedora-clang 0.2 145.75 OK
r-devel-linux-x86_64-fedora-gcc 0.2 151.57 OK
r-devel-windows-ix86+x86_64 0.2 20.00 141.00 161.00 OK
r-patched-linux-x86_64 0.2 4.66 76.07 80.72 OK
r-patched-solaris-x86 0.2 177.10 OK
r-release-linux-x86_64 0.2 4.63 74.45 79.07 OK
r-release-windows-ix86+x86_64 0.2 15.00 99.00 114.00 OK
r-release-osx-x86_64 0.2 WARN
r-oldrel-windows-ix86+x86_64 0.2 13.00 92.00 105.00 OK
r-oldrel-osx-x86_64 0.2 OK

Check Details

Version: 0.2
Check: re-building of vignette outputs
Result: WARN
    Error in re-building vignettes:
     ...
    Warning: running command 'kpsewhich framed.sty' had status 1
    Warning in test_latex_pkg("framed", system.file("misc", "framed.sty", package = "knitr")) :
     unable to find LaTeX package 'framed'; will use a copy from knitr
    Error in texi2dvi(file = file, pdf = TRUE, clean = clean, quiet = quiet, :
     Running 'texi2dvi' on 'plotGlm.tex' failed.
    LaTeX errors:
    ! LaTeX Error: File `morefloats.sty' not found.
    
    Type X to quit or <RETURN> to proceed,
    or enter new name. (Default extension: sty)
    
    ! Emergency stop.
    <read *>
    
    l.67 \usepackage
     [section]{placeins}^^M
    ! ==> Fatal error occurred, no output PDF file produced!
    Calls: buildVignettes -> texi2pdf -> texi2dvi
    Execution halted
Flavor: r-release-osx-x86_64