CRAN Package Check Results for Package MSCMT

Last updated on 2017-07-26 01:56:22.

Flavor Version Tinstall Tcheck Ttotal Status Flags
r-devel-linux-x86_64-debian-clang 1.2.0 5.93 206.05 211.98 NOTE
r-devel-linux-x86_64-debian-gcc 1.2.0 6.11 196.90 203.01 NOTE
r-devel-linux-x86_64-fedora-clang 1.2.0 186.38 NOTE
r-devel-linux-x86_64-fedora-gcc 1.2.0 196.05 NOTE
r-devel-windows-ix86+x86_64 1.2.0 29.00 403.00 432.00 OK
r-patched-linux-x86_64 1.2.0 5.66 206.48 212.15 NOTE
r-patched-solaris-x86 1.2.0 692.70 OK
r-release-linux-x86_64 1.2.0 5.79 205.39 211.17 NOTE
r-release-windows-ix86+x86_64 1.2.0 21.00 365.00 386.00 OK
r-release-osx-x86_64 1.2.0 OK
r-oldrel-windows-ix86+x86_64 1.2.0 20.00 282.00 302.00 OK
r-oldrel-osx-x86_64 1.2.0 OK

Check Details

Version: 1.2.0
Check: compiled code
Result: NOTE
    File ‘MSCMT/libs/MSCMT.so’:
     Found no call to: ‘R_useDynamicSymbols’
    
    It is good practice to register native routines and to disable symbol
    search.
    
    See ‘Writing portable packages’ in the ‘Writing R Extensions’ manual.
Flavors: r-devel-linux-x86_64-debian-clang, r-devel-linux-x86_64-debian-gcc, r-devel-linux-x86_64-fedora-clang, r-devel-linux-x86_64-fedora-gcc, r-patched-linux-x86_64, r-release-linux-x86_64