Last updated on 2017-07-26 01:56:22.
Flavor | Version | Tinstall | Tcheck | Ttotal | Status | Flags |
---|---|---|---|---|---|---|
r-devel-linux-x86_64-debian-clang | 2.3.4 | 3.84 | 79.33 | 83.16 | NOTE | |
r-devel-linux-x86_64-debian-gcc | 2.3.4 | 3.99 | 78.75 | 82.74 | NOTE | |
r-devel-linux-x86_64-fedora-clang | 2.3.4 | 141.69 | NOTE | |||
r-devel-linux-x86_64-fedora-gcc | 2.3.4 | 157.76 | NOTE | |||
r-devel-windows-ix86+x86_64 | 2.3.4 | 14.00 | 111.00 | 125.00 | NOTE | |
r-patched-linux-x86_64 | 2.3.4 | 3.73 | 80.32 | 84.05 | NOTE | |
r-patched-solaris-x86 | 2.3.4 | 190.70 | NOTE | |||
r-release-linux-x86_64 | 2.3.4 | 3.74 | 78.88 | 82.62 | NOTE | |
r-release-windows-ix86+x86_64 | 2.3.4 | 8.00 | 137.00 | 145.00 | NOTE | |
r-release-osx-x86_64 | 2.3.4 | NOTE | ||||
r-oldrel-windows-ix86+x86_64 | 2.3.4 | 9.00 | 90.00 | 99.00 | NOTE | |
r-oldrel-osx-x86_64 | 2.3.4 | NOTE |
Version: 2.3.4
Check: R code for possible problems
Result: NOTE
Mort1Dsmooth: no visible global function definition for ‘time’
Mort1Dsmooth: no visible global function definition for ‘glm’
Mort1Dsmooth: no visible binding for global variable ‘poisson’
Mort1Dsmooth_optimize: no visible global function definition for
‘median’
Mort2Dsmooth: no visible global function definition for ‘glm’
Mort2Dsmooth: no visible binding for global variable ‘poisson’
Mort2Dsmooth: no visible global function definition for ‘median’
Mort2Dsmooth_optimize: no visible global function definition for
‘median’
plot.HMDdata: no visible global function definition for ‘plot’
plot.Mort1Dsmooth: no visible global function definition for ‘matplot’
plot.Mort2Dsmooth: no visible global function definition for ‘quantile’
predict.Mort1Dsmooth: no visible global function definition for ‘glm’
predict.Mort1Dsmooth: no visible binding for global variable ‘poisson’
predict.Mort2Dsmooth: no visible global function definition for ‘glm’
predict.Mort2Dsmooth: no visible binding for global variable ‘poisson’
print.summary.Mort1Dsmooth: no visible global function definition for
‘quantile’
print.summary.Mort2Dsmooth: no visible global function definition for
‘quantile’
Undefined global functions or variables:
glm matplot median plot poisson quantile time
Consider adding
importFrom("graphics", "matplot", "plot")
importFrom("stats", "glm", "median", "poisson", "quantile", "time")
to your NAMESPACE file.
Flavors: r-devel-linux-x86_64-debian-clang, r-devel-linux-x86_64-debian-gcc, r-devel-linux-x86_64-fedora-clang, r-devel-linux-x86_64-fedora-gcc, r-devel-windows-ix86+x86_64, r-patched-linux-x86_64, r-patched-solaris-x86, r-release-linux-x86_64, r-release-windows-ix86+x86_64, r-release-osx-x86_64, r-oldrel-windows-ix86+x86_64, r-oldrel-osx-x86_64