Last updated on 2017-07-26 01:56:22.
Flavor | Version | Tinstall | Tcheck | Ttotal | Status | Flags |
---|---|---|---|---|---|---|
r-devel-linux-x86_64-debian-clang | 1.2 | 0.60 | 17.65 | 18.25 | OK | |
r-devel-linux-x86_64-debian-gcc | 1.2 | 0.58 | 17.65 | 18.23 | OK | |
r-devel-linux-x86_64-fedora-clang | 1.2 | 17.84 | OK | |||
r-devel-linux-x86_64-fedora-gcc | 1.2 | 19.31 | OK | |||
r-devel-windows-ix86+x86_64 | 1.2 | 4.00 | 36.00 | 40.00 | OK | |
r-patched-linux-x86_64 | 1.2 | 0.61 | 17.81 | 18.43 | OK | |
r-patched-solaris-x86 | 1.2 | 28.60 | OK | |||
r-release-linux-x86_64 | 1.2 | 0.54 | 17.27 | 17.81 | OK | |
r-release-windows-ix86+x86_64 | 1.2 | 4.00 | 34.00 | 38.00 | OK | |
r-release-osx-x86_64 | 1.2 | ERROR | ||||
r-oldrel-windows-ix86+x86_64 | 1.2 | 2.00 | 34.00 | 36.00 | OK | |
r-oldrel-osx-x86_64 | 1.2 | OK |
Version: 1.2
Check: package dependencies
Result: ERROR
Package required but not available: ‘Rglpk’
See section ‘The DESCRIPTION file’ in the ‘Writing R Extensions’
manual.
Flavor: r-release-osx-x86_64