Last updated on 2017-07-26 01:56:23.
Flavor | Version | Tinstall | Tcheck | Ttotal | Status | Flags |
---|---|---|---|---|---|---|
r-devel-linux-x86_64-debian-clang | 1.4.4 | 0.70 | 22.92 | 23.62 | NOTE | |
r-devel-linux-x86_64-debian-gcc | 1.4.4 | 0.73 | 22.78 | 23.52 | NOTE | |
r-devel-linux-x86_64-fedora-clang | 1.4.4 | 30.03 | NOTE | |||
r-devel-linux-x86_64-fedora-gcc | 1.4.4 | 29.83 | NOTE | |||
r-devel-windows-ix86+x86_64 | 1.4.4 | 6.00 | 57.00 | 63.00 | NOTE | |
r-patched-linux-x86_64 | 1.4.4 | 0.79 | 22.66 | 23.46 | NOTE | |
r-patched-solaris-x86 | 1.4.4 | 39.80 | NOTE | |||
r-release-linux-x86_64 | 1.4.4 | 0.80 | 22.82 | 23.62 | NOTE | |
r-release-windows-ix86+x86_64 | 1.4.4 | 3.00 | 55.00 | 58.00 | NOTE | |
r-release-osx-x86_64 | 1.4.4 | NOTE | ||||
r-oldrel-windows-ix86+x86_64 | 1.4.4 | 2.00 | 41.00 | 43.00 | NOTE | |
r-oldrel-osx-x86_64 | 1.4.4 | NOTE |
Version: 1.4.4
Check: R code for possible problems
Result: NOTE
EnvInd: no visible global function definition for ‘sd’
Undefined global functions or variables:
sd
Consider adding
importFrom("stats", "sd")
to your NAMESPACE file.
Flavors: r-devel-linux-x86_64-debian-clang, r-devel-linux-x86_64-debian-gcc, r-devel-linux-x86_64-fedora-clang, r-devel-linux-x86_64-fedora-gcc, r-devel-windows-ix86+x86_64, r-patched-linux-x86_64, r-patched-solaris-x86, r-release-linux-x86_64, r-release-windows-ix86+x86_64, r-release-osx-x86_64, r-oldrel-windows-ix86+x86_64, r-oldrel-osx-x86_64