CRAN Package Check Results for Package OptGS

Last updated on 2017-07-26 01:56:24.

Flavor Version Tinstall Tcheck Ttotal Status Flags
r-devel-linux-x86_64-debian-clang 1.1.1 3.87 20.13 24.00 NOTE
r-devel-linux-x86_64-debian-gcc 1.1.1 4.02 20.13 24.16 NOTE
r-devel-linux-x86_64-fedora-clang 1.1.1 35.96 NOTE
r-devel-linux-x86_64-fedora-gcc 1.1.1 36.11 NOTE
r-devel-windows-ix86+x86_64 1.1.1 23.00 57.00 80.00 OK
r-patched-linux-x86_64 1.1.1 3.99 19.91 23.90 NOTE
r-patched-solaris-x86 1.1.1 50.10 OK
r-release-linux-x86_64 1.1.1 4.14 20.21 24.34 NOTE
r-release-windows-ix86+x86_64 1.1.1 17.00 47.00 64.00 OK
r-release-osx-x86_64 1.1.1 OK
r-oldrel-windows-ix86+x86_64 1.1.1 15.00 39.00 54.00 OK
r-oldrel-osx-x86_64 1.1.1 OK

Check Details

Version: 1.1.1
Check: compiled code
Result: NOTE
    File ‘OptGS/libs/OptGS.so’:
     Found no calls to: ‘R_registerRoutines’, ‘R_useDynamicSymbols’
    
    It is good practice to register native routines and to disable symbol
    search.
    
    See ‘Writing portable packages’ in the ‘Writing R Extensions’ manual.
Flavors: r-devel-linux-x86_64-debian-clang, r-devel-linux-x86_64-debian-gcc, r-devel-linux-x86_64-fedora-clang, r-devel-linux-x86_64-fedora-gcc, r-patched-linux-x86_64, r-release-linux-x86_64