Last updated on 2017-07-26 01:56:25.
Flavor | Version | Tinstall | Tcheck | Ttotal | Status | Flags |
---|---|---|---|---|---|---|
r-devel-linux-x86_64-debian-clang | 2.70.4 | 8.86 | 65.74 | 74.60 | OK | |
r-devel-linux-x86_64-debian-gcc | 2.70.4 | 9.19 | 63.16 | 72.35 | OK | |
r-devel-linux-x86_64-fedora-clang | 2.70.4 | 100.04 | NOTE | |||
r-devel-linux-x86_64-fedora-gcc | 2.70.4 | 100.34 | NOTE | |||
r-devel-windows-ix86+x86_64 | 2.70.4 | 49.00 | 112.00 | 161.00 | NOTE | |
r-patched-linux-x86_64 | 2.70.4 | 8.93 | 63.97 | 72.90 | OK | |
r-patched-solaris-x86 | 2.70.4 | 115.00 | NOTE | |||
r-release-linux-x86_64 | 2.70.4 | 8.98 | 63.81 | 72.79 | OK | |
r-release-windows-ix86+x86_64 | 2.70.4 | 39.00 | 134.00 | 173.00 | NOTE | |
r-release-osx-x86_64 | 2.70.4 | NOTE | ||||
r-oldrel-windows-ix86+x86_64 | 2.70.4 | 33.00 | 87.00 | 120.00 | NOTE | |
r-oldrel-osx-x86_64 | 2.70.4 | NOTE |
Version: 2.70.4
Check: installed package size
Result: NOTE
installed size is 6.2Mb
sub-directories of 1Mb or more:
data 2.7Mb
doc 1.1Mb
libs 1.2Mb
Flavors: r-devel-linux-x86_64-fedora-clang, r-devel-linux-x86_64-fedora-gcc, r-devel-windows-ix86+x86_64, r-patched-solaris-x86, r-release-windows-ix86+x86_64, r-release-osx-x86_64, r-oldrel-windows-ix86+x86_64, r-oldrel-osx-x86_64