Last updated on 2017-07-26 01:56:25.
Flavor | Version | Tinstall | Tcheck | Ttotal | Status | Flags |
---|---|---|---|---|---|---|
r-devel-linux-x86_64-debian-clang | 1.0 | 0.62 | 21.07 | 21.70 | NOTE | |
r-devel-linux-x86_64-debian-gcc | 1.0 | 0.68 | 20.41 | 21.09 | NOTE | |
r-devel-linux-x86_64-fedora-clang | 1.0 | 26.42 | NOTE | |||
r-devel-linux-x86_64-fedora-gcc | 1.0 | 27.36 | NOTE | |||
r-devel-windows-ix86+x86_64 | 1.0 | 3.00 | 39.00 | 42.00 | NOTE | |
r-patched-linux-x86_64 | 1.0 | 0.56 | 20.97 | 21.52 | NOTE | |
r-patched-solaris-x86 | 1.0 | 36.30 | NOTE | |||
r-release-linux-x86_64 | 1.0 | 0.57 | 20.54 | 21.11 | NOTE | |
r-release-windows-ix86+x86_64 | 1.0 | 2.00 | 28.00 | 30.00 | NOTE | |
r-release-osx-x86_64 | 1.0 | NOTE | ||||
r-oldrel-windows-ix86+x86_64 | 1.0 | 2.00 | 30.00 | 32.00 | NOTE | |
r-oldrel-osx-x86_64 | 1.0 | NOTE |
Version: 1.0
Check: R code for possible problems
Result: NOTE
PEMM_fun : find.lambda: no visible global function definition for
‘optimize’
PEMM_fun: no visible global function definition for ‘cov’
Undefined global functions or variables:
cov optimize
Consider adding
importFrom("stats", "cov", "optimize")
to your NAMESPACE file.
Flavors: r-devel-linux-x86_64-debian-clang, r-devel-linux-x86_64-debian-gcc, r-devel-linux-x86_64-fedora-clang, r-devel-linux-x86_64-fedora-gcc, r-devel-windows-ix86+x86_64, r-patched-linux-x86_64, r-patched-solaris-x86, r-release-linux-x86_64, r-release-windows-ix86+x86_64, r-release-osx-x86_64, r-oldrel-windows-ix86+x86_64, r-oldrel-osx-x86_64