Last updated on 2017-07-26 01:56:25.
Flavor | Version | Tinstall | Tcheck | Ttotal | Status | Flags |
---|---|---|---|---|---|---|
r-devel-linux-x86_64-debian-clang | 1.1 | 0.61 | 20.84 | 21.45 | NOTE | |
r-devel-linux-x86_64-debian-gcc | 1.1 | 0.59 | 20.52 | 21.11 | NOTE | |
r-devel-linux-x86_64-fedora-clang | 1.1 | 25.80 | NOTE | |||
r-devel-linux-x86_64-fedora-gcc | 1.1 | 27.29 | NOTE | |||
r-devel-windows-ix86+x86_64 | 1.1 | 3.00 | 41.00 | 44.00 | NOTE | |
r-patched-linux-x86_64 | 1.1 | 0.58 | 20.97 | 21.55 | NOTE | |
r-patched-solaris-x86 | 1.1 | 34.90 | NOTE | |||
r-release-linux-x86_64 | 1.1 | 0.60 | 20.77 | 21.37 | NOTE | |
r-release-windows-ix86+x86_64 | 1.1 | 2.00 | 32.00 | 34.00 | NOTE | |
r-release-osx-x86_64 | 1.1 | NOTE | ||||
r-oldrel-windows-ix86+x86_64 | 1.1 | 2.00 | 41.00 | 43.00 | NOTE | |
r-oldrel-osx-x86_64 | 1.1 | NOTE |
Version: 1.1
Check: R code for possible problems
Result: NOTE
bwfw.hmm: no visible global function definition for ‘dnorm’
bwfw1.hmm: no visible global function definition for ‘dnorm’
Undefined global functions or variables:
dnorm
Consider adding
importFrom("stats", "dnorm")
to your NAMESPACE file.
Flavors: r-devel-linux-x86_64-debian-clang, r-devel-linux-x86_64-debian-gcc, r-devel-linux-x86_64-fedora-clang, r-devel-linux-x86_64-fedora-gcc, r-devel-windows-ix86+x86_64, r-patched-linux-x86_64, r-patched-solaris-x86, r-release-linux-x86_64, r-release-windows-ix86+x86_64, r-release-osx-x86_64, r-oldrel-windows-ix86+x86_64, r-oldrel-osx-x86_64
Version: 1.1
Check: Rd line widths
Result: NOTE
Rd file 'em.hmm.Rd':
\examples lines wider than 100 characters:
#all.Rlts=cbind(rbind(chr1.data,chr6.data), LIS=c(chr1.L2rlts$LIS,chr6.L2rlts$LIS), gFDR=plis.rlts$aLIS, fdr001state=plis.rlts$States)
These lines will be truncated in the PDF manual.
Flavors: r-devel-linux-x86_64-debian-clang, r-devel-linux-x86_64-debian-gcc, r-devel-linux-x86_64-fedora-clang, r-devel-linux-x86_64-fedora-gcc, r-patched-linux-x86_64, r-release-linux-x86_64